{"id":53615,"date":"2024-05-02T13:44:29","date_gmt":"2024-05-02T11:44:29","guid":{"rendered":"https:\/\/visitrijeka.hr\/event\/hipertelia-2\/"},"modified":"2024-05-02T13:52:56","modified_gmt":"2024-05-02T11:52:56","slug":"hipertelia-2","status":"publish","type":"tribe_events","link":"https:\/\/visitrijeka.hr\/fr\/event\/hipertelia-2\/","title":{"rendered":"Hipert\u00e8lia"},"content":{"rendered":"<p>As a continuation of their practice to systematically present artistic installations and works that utilize digital technology, artificial intelligence and algorthims, with the aim to express critical perspective on contemporary events in the world, from 9-31 June Drugo more association will host Hipert\u00e8lia, solo exhibition by M\u00f3nica Riki\u0107, new media artist and creative coder from Barcelona.<\/p>\n<p>Among the presented works in this exhibition is Hip\u00e8rbole (2023), a project made in collaboration with Gema FB Mart\u00edn. The overarching goal of this project is to challenge the prevailing role of spoken and written language in cognition expression and machine-human communication. It places a particular emphasis on embodied expression through its handcrafted robotics configuration.<\/p>\n","protected":false},"excerpt":{"rendered":"<p>Gallery opening hours: Monday \u2013 Friday 11 a.m. \u2013 1 p.m. | 5 \u2013 8 p.m.; Saturday 5 \u2013 8 p.m.; closed on Sundays and public holidays.<\/p>\n","protected":false},"author":9,"featured_media":53585,"template":"","meta":{"_acf_changed":false,"inline_featured_image":false,"_tribe_events_status":"","_tribe_events_status_reason":"","_tribe_events_is_hybrid":"","_tribe_events_is_virtual":"","_tribe_events_virtual_video_source":"","_tribe_events_virtual_embed_video":"","_tribe_events_virtual_linked_button_text":"","_tribe_events_virtual_linked_button":"","_tribe_events_virtual_show_embed_at":"","_tribe_events_virtual_show_embed_to":[],"_tribe_events_virtual_show_on_event":"","_tribe_events_virtual_show_on_views":"","_tribe_events_virtual_url":"","footnotes":""},"tags":[],"tribe_events_cat":[1111],"class_list":["post-53615","tribe_events","type-tribe_events","status-publish","has-post-thumbnail","hentry","tribe_events_cat-culture-et-art","cat_culture-et-art"],"acf":[],"yoast_head":"<!-- This site is optimized with the Yoast SEO plugin v26.3 - https:\/\/yoast.com\/wordpress\/plugins\/seo\/ -->\n<title>Hipert\u00e8lia - Visit Rijeka<\/title>\n<meta name=\"robots\" content=\"index, follow, max-snippet:-1, max-image-preview:large, max-video-preview:-1\" \/>\n<link rel=\"canonical\" href=\"https:\/\/visitrijeka.hr\/fr\/event\/hipertelia-2\/\" \/>\n<meta property=\"og:locale\" content=\"fr_FR\" \/>\n<meta property=\"og:type\" content=\"article\" \/>\n<meta property=\"og:title\" content=\"Hipert\u00e8lia - Visit Rijeka\" \/>\n<meta property=\"og:description\" content=\"Gallery opening hours: Monday \u2013 Friday 11 a.m. \u2013 1 p.m. | 5 \u2013 8 p.m.; Saturday 5 \u2013 8 p.m.; closed on Sundays and public holidays.\" \/>\n<meta property=\"og:url\" content=\"https:\/\/visitrijeka.hr\/fr\/event\/hipertelia-2\/\" \/>\n<meta property=\"og:site_name\" content=\"Visit Rijeka\" \/>\n<meta property=\"article:publisher\" content=\"https:\/\/www.facebook.com\/VisitRijeka\" \/>\n<meta property=\"article:modified_time\" content=\"2024-05-02T11:52:56+00:00\" \/>\n<meta property=\"og:image\" content=\"https:\/\/visitrijeka.hr\/wp-content\/uploads\/2024\/05\/Monica-Rikic_foto-Agustina-Isidori.jpg\" \/>\n\t<meta property=\"og:image:width\" content=\"1200\" \/>\n\t<meta property=\"og:image:height\" content=\"800\" \/>\n\t<meta property=\"og:image:type\" content=\"image\/jpeg\" \/>\n<meta name=\"twitter:card\" content=\"summary_large_image\" \/>\n<meta name=\"twitter:label1\" content=\"Dur\u00e9e de lecture estim\u00e9e\" \/>\n\t<meta name=\"twitter:data1\" content=\"1 minute\" \/>\n<script type=\"application\/ld+json\" class=\"yoast-schema-graph\">{\"@context\":\"https:\/\/schema.org\",\"@graph\":[{\"@type\":\"WebPage\",\"@id\":\"https:\/\/visitrijeka.hr\/fr\/event\/hipertelia-2\/\",\"url\":\"https:\/\/visitrijeka.hr\/fr\/event\/hipertelia-2\/\",\"name\":\"Hipert\u00e8lia - Visit Rijeka\",\"isPartOf\":{\"@id\":\"https:\/\/visitrijeka.hr\/fr\/#website\"},\"primaryImageOfPage\":{\"@id\":\"https:\/\/visitrijeka.hr\/fr\/event\/hipertelia-2\/#primaryimage\"},\"image\":{\"@id\":\"https:\/\/visitrijeka.hr\/fr\/event\/hipertelia-2\/#primaryimage\"},\"thumbnailUrl\":\"https:\/\/visitrijeka.hr\/wp-content\/uploads\/2024\/05\/Monica-Rikic_foto-Agustina-Isidori.jpg\",\"datePublished\":\"2024-05-02T11:44:29+00:00\",\"dateModified\":\"2024-05-02T11:52:56+00:00\",\"breadcrumb\":{\"@id\":\"https:\/\/visitrijeka.hr\/fr\/event\/hipertelia-2\/#breadcrumb\"},\"inLanguage\":\"fr-FR\",\"potentialAction\":[{\"@type\":\"ReadAction\",\"target\":[\"https:\/\/visitrijeka.hr\/fr\/event\/hipertelia-2\/\"]}]},{\"@type\":\"ImageObject\",\"inLanguage\":\"fr-FR\",\"@id\":\"https:\/\/visitrijeka.hr\/fr\/event\/hipertelia-2\/#primaryimage\",\"url\":\"https:\/\/visitrijeka.hr\/wp-content\/uploads\/2024\/05\/Monica-Rikic_foto-Agustina-Isidori.jpg\",\"contentUrl\":\"https:\/\/visitrijeka.hr\/wp-content\/uploads\/2024\/05\/Monica-Rikic_foto-Agustina-Isidori.jpg\",\"width\":1200,\"height\":800,\"caption\":\"Mo\u0301nica Rikic\u0301_foto Agustina Isidori\"},{\"@type\":\"WebSite\",\"@id\":\"https:\/\/visitrijeka.hr\/fr\/#website\",\"url\":\"https:\/\/visitrijeka.hr\/fr\/\",\"name\":\"Visit Rijeka\",\"description\":\"Grad koji te\u010de....\",\"publisher\":{\"@id\":\"https:\/\/visitrijeka.hr\/fr\/#organization\"},\"potentialAction\":[{\"@type\":\"SearchAction\",\"target\":{\"@type\":\"EntryPoint\",\"urlTemplate\":\"https:\/\/visitrijeka.hr\/fr\/?s={search_term_string}\"},\"query-input\":{\"@type\":\"PropertyValueSpecification\",\"valueRequired\":true,\"valueName\":\"search_term_string\"}}],\"inLanguage\":\"fr-FR\"},{\"@type\":\"Organization\",\"@id\":\"https:\/\/visitrijeka.hr\/fr\/#organization\",\"name\":\"Visit Rijeka\",\"url\":\"https:\/\/visitrijeka.hr\/fr\/\",\"logo\":{\"@type\":\"ImageObject\",\"inLanguage\":\"fr-FR\",\"@id\":\"https:\/\/visitrijeka.hr\/fr\/#\/schema\/logo\/image\/\",\"url\":\"https:\/\/visitrijeka.hr\/wp-content\/uploads\/2023\/02\/Logo_Visit_rijeka_460.svg\",\"contentUrl\":\"https:\/\/visitrijeka.hr\/wp-content\/uploads\/2023\/02\/Logo_Visit_rijeka_460.svg\",\"width\":100,\"height\":100,\"caption\":\"Visit Rijeka\"},\"image\":{\"@id\":\"https:\/\/visitrijeka.hr\/fr\/#\/schema\/logo\/image\/\"},\"sameAs\":[\"https:\/\/www.facebook.com\/VisitRijeka\"]}]}<\/script>\n<!-- \/ Yoast SEO plugin. -->","yoast_head_json":{"title":"Hipert\u00e8lia - Visit Rijeka","robots":{"index":"index","follow":"follow","max-snippet":"max-snippet:-1","max-image-preview":"max-image-preview:large","max-video-preview":"max-video-preview:-1"},"canonical":"https:\/\/visitrijeka.hr\/fr\/event\/hipertelia-2\/","og_locale":"fr_FR","og_type":"article","og_title":"Hipert\u00e8lia - Visit Rijeka","og_description":"Gallery opening hours: Monday \u2013 Friday 11 a.m. \u2013 1 p.m. | 5 \u2013 8 p.m.; Saturday 5 \u2013 8 p.m.; closed on Sundays and public holidays.","og_url":"https:\/\/visitrijeka.hr\/fr\/event\/hipertelia-2\/","og_site_name":"Visit Rijeka","article_publisher":"https:\/\/www.facebook.com\/VisitRijeka","article_modified_time":"2024-05-02T11:52:56+00:00","og_image":[{"width":1200,"height":800,"url":"https:\/\/visitrijeka.hr\/wp-content\/uploads\/2024\/05\/Monica-Rikic_foto-Agustina-Isidori.jpg","type":"image\/jpeg"}],"twitter_card":"summary_large_image","twitter_misc":{"Dur\u00e9e de lecture estim\u00e9e":"1 minute"},"schema":{"@context":"https:\/\/schema.org","@graph":[{"@type":"WebPage","@id":"https:\/\/visitrijeka.hr\/fr\/event\/hipertelia-2\/","url":"https:\/\/visitrijeka.hr\/fr\/event\/hipertelia-2\/","name":"Hipert\u00e8lia - Visit Rijeka","isPartOf":{"@id":"https:\/\/visitrijeka.hr\/fr\/#website"},"primaryImageOfPage":{"@id":"https:\/\/visitrijeka.hr\/fr\/event\/hipertelia-2\/#primaryimage"},"image":{"@id":"https:\/\/visitrijeka.hr\/fr\/event\/hipertelia-2\/#primaryimage"},"thumbnailUrl":"https:\/\/visitrijeka.hr\/wp-content\/uploads\/2024\/05\/Monica-Rikic_foto-Agustina-Isidori.jpg","datePublished":"2024-05-02T11:44:29+00:00","dateModified":"2024-05-02T11:52:56+00:00","breadcrumb":{"@id":"https:\/\/visitrijeka.hr\/fr\/event\/hipertelia-2\/#breadcrumb"},"inLanguage":"fr-FR","potentialAction":[{"@type":"ReadAction","target":["https:\/\/visitrijeka.hr\/fr\/event\/hipertelia-2\/"]}]},{"@type":"ImageObject","inLanguage":"fr-FR","@id":"https:\/\/visitrijeka.hr\/fr\/event\/hipertelia-2\/#primaryimage","url":"https:\/\/visitrijeka.hr\/wp-content\/uploads\/2024\/05\/Monica-Rikic_foto-Agustina-Isidori.jpg","contentUrl":"https:\/\/visitrijeka.hr\/wp-content\/uploads\/2024\/05\/Monica-Rikic_foto-Agustina-Isidori.jpg","width":1200,"height":800,"caption":"Mo\u0301nica Rikic\u0301_foto Agustina Isidori"},{"@type":"WebSite","@id":"https:\/\/visitrijeka.hr\/fr\/#website","url":"https:\/\/visitrijeka.hr\/fr\/","name":"Visit Rijeka","description":"Grad koji te\u010de....","publisher":{"@id":"https:\/\/visitrijeka.hr\/fr\/#organization"},"potentialAction":[{"@type":"SearchAction","target":{"@type":"EntryPoint","urlTemplate":"https:\/\/visitrijeka.hr\/fr\/?s={search_term_string}"},"query-input":{"@type":"PropertyValueSpecification","valueRequired":true,"valueName":"search_term_string"}}],"inLanguage":"fr-FR"},{"@type":"Organization","@id":"https:\/\/visitrijeka.hr\/fr\/#organization","name":"Visit Rijeka","url":"https:\/\/visitrijeka.hr\/fr\/","logo":{"@type":"ImageObject","inLanguage":"fr-FR","@id":"https:\/\/visitrijeka.hr\/fr\/#\/schema\/logo\/image\/","url":"https:\/\/visitrijeka.hr\/wp-content\/uploads\/2023\/02\/Logo_Visit_rijeka_460.svg","contentUrl":"https:\/\/visitrijeka.hr\/wp-content\/uploads\/2023\/02\/Logo_Visit_rijeka_460.svg","width":100,"height":100,"caption":"Visit Rijeka"},"image":{"@id":"https:\/\/visitrijeka.hr\/fr\/#\/schema\/logo\/image\/"},"sameAs":["https:\/\/www.facebook.com\/VisitRijeka"]}]}},"_links":{"self":[{"href":"https:\/\/visitrijeka.hr\/fr\/wp-json\/wp\/v2\/tribe_events\/53615","targetHints":{"allow":["GET"]}}],"collection":[{"href":"https:\/\/visitrijeka.hr\/fr\/wp-json\/wp\/v2\/tribe_events"}],"about":[{"href":"https:\/\/visitrijeka.hr\/fr\/wp-json\/wp\/v2\/types\/tribe_events"}],"author":[{"embeddable":true,"href":"https:\/\/visitrijeka.hr\/fr\/wp-json\/wp\/v2\/users\/9"}],"version-history":[{"count":0,"href":"https:\/\/visitrijeka.hr\/fr\/wp-json\/wp\/v2\/tribe_events\/53615\/revisions"}],"wp:featuredmedia":[{"embeddable":true,"href":"https:\/\/visitrijeka.hr\/fr\/wp-json\/wp\/v2\/media\/53585"}],"wp:attachment":[{"href":"https:\/\/visitrijeka.hr\/fr\/wp-json\/wp\/v2\/media?parent=53615"}],"wp:term":[{"taxonomy":"post_tag","embeddable":true,"href":"https:\/\/visitrijeka.hr\/fr\/wp-json\/wp\/v2\/tags?post=53615"},{"taxonomy":"tribe_events_cat","embeddable":true,"href":"https:\/\/visitrijeka.hr\/fr\/wp-json\/wp\/v2\/tribe_events_cat?post=53615"}],"curies":[{"name":"wp","href":"https:\/\/api.w.org\/{rel}","templated":true}]}}

Hipertèlia

<p>As a continuation of their practice to systematically present artistic installations and works that utilize digital technology, artificial intelligence and algorthims, with the aim to express critical perspective on contemporary events in the world, from 9-31 June Drugo more association will host Hipertèlia, solo exhibition by Mónica Rikić, new media artist and creative coder from Barcelona.</p>
<p>Among the presented works in this exhibition is Hipèrbole (2023), a project made in collaboration with Gema FB Martín. The overarching goal of this project is to challenge the prevailing role of spoken and written language in cognition expression and machine-human communication. It places a particular emphasis on embodied expression through its handcrafted robotics configuration.</p>

<!-- This site is optimized with the Yoast SEO plugin v26.3 - https://yoast.com/wordpress/plugins/seo/ -->
<title>Hipertèlia - Visit Rijeka</title>
<meta name="robots" content="index, follow, max-snippet:-1, max-image-preview:large, max-video-preview:-1" />
<link rel="canonical" href="https://visitrijeka.hr/fr/event/hipertelia-2/" />
<meta property="og:locale" content="fr_FR" />
<meta property="og:type" content="article" />
<meta property="og:title" content="Hipertèlia - Visit Rijeka" />
<meta property="og:description" content="Gallery opening hours: Monday – Friday 11 a.m. – 1 p.m. | 5 – 8 p.m.; Saturday 5 – 8 p.m.; closed on Sundays and public holidays." />
<meta property="og:url" content="https://visitrijeka.hr/fr/event/hipertelia-2/" />
<meta property="og:site_name" content="Visit Rijeka" />
<meta property="article:publisher" content="https://www.facebook.com/VisitRijeka" />
<meta property="article:modified_time" content="2024-05-02T11:52:56+00:00" />
<meta property="og:image" content="https://visitrijeka.hr/wp-content/uploads/2024/05/Monica-Rikic_foto-Agustina-Isidori.jpg" />
	<meta property="og:image:width" content="1200" />
	<meta property="og:image:height" content="800" />
	<meta property="og:image:type" content="image/jpeg" />
<meta name="twitter:card" content="summary_large_image" />
<meta name="twitter:label1" content="Durée de lecture estimée" />
	<meta name="twitter:data1" content="1 minute" />
<script type="application/ld+json" class="yoast-schema-graph">{"@context":"https://schema.org","@graph":[{"@type":"WebPage","@id":"https://visitrijeka.hr/fr/event/hipertelia-2/","url":"https://visitrijeka.hr/fr/event/hipertelia-2/","name":"Hipertèlia - Visit Rijeka","isPartOf":{"@id":"https://visitrijeka.hr/fr/#website"},"primaryImageOfPage":{"@id":"https://visitrijeka.hr/fr/event/hipertelia-2/#primaryimage"},"image":{"@id":"https://visitrijeka.hr/fr/event/hipertelia-2/#primaryimage"},"thumbnailUrl":"https://visitrijeka.hr/wp-content/uploads/2024/05/Monica-Rikic_foto-Agustina-Isidori.jpg","datePublished":"2024-05-02T11:44:29+00:00","dateModified":"2024-05-02T11:52:56+00:00","breadcrumb":{"@id":"https://visitrijeka.hr/fr/event/hipertelia-2/#breadcrumb"},"inLanguage":"fr-FR","potentialAction":[{"@type":"ReadAction","target":["https://visitrijeka.hr/fr/event/hipertelia-2/"]}]},{"@type":"ImageObject","inLanguage":"fr-FR","@id":"https://visitrijeka.hr/fr/event/hipertelia-2/#primaryimage","url":"https://visitrijeka.hr/wp-content/uploads/2024/05/Monica-Rikic_foto-Agustina-Isidori.jpg","contentUrl":"https://visitrijeka.hr/wp-content/uploads/2024/05/Monica-Rikic_foto-Agustina-Isidori.jpg","width":1200,"height":800,"caption":"Mónica Rikić_foto Agustina Isidori"},{"@type":"WebSite","@id":"https://visitrijeka.hr/fr/#website","url":"https://visitrijeka.hr/fr/","name":"Visit Rijeka","description":"Grad koji teče....","publisher":{"@id":"https://visitrijeka.hr/fr/#organization"},"potentialAction":[{"@type":"SearchAction","target":{"@type":"EntryPoint","urlTemplate":"https://visitrijeka.hr/fr/?s={search_term_string}"},"query-input":{"@type":"PropertyValueSpecification","valueRequired":true,"valueName":"search_term_string"}}],"inLanguage":"fr-FR"},{"@type":"Organization","@id":"https://visitrijeka.hr/fr/#organization","name":"Visit Rijeka","url":"https://visitrijeka.hr/fr/","logo":{"@type":"ImageObject","inLanguage":"fr-FR","@id":"https://visitrijeka.hr/fr/#/schema/logo/image/","url":"https://visitrijeka.hr/wp-content/uploads/2023/02/Logo_Visit_rijeka_460.svg","contentUrl":"https://visitrijeka.hr/wp-content/uploads/2023/02/Logo_Visit_rijeka_460.svg","width":100,"height":100,"caption":"Visit Rijeka"},"image":{"@id":"https://visitrijeka.hr/fr/#/schema/logo/image/"},"sameAs":["https://www.facebook.com/VisitRijeka"]}]}</script>
<!-- / Yoast SEO plugin. -->

Hipertèlia - Visit Rijeka

Grad koji teče....
