{"id":46776,"date":"2023-12-28T12:53:50","date_gmt":"2023-12-28T11:53:50","guid":{"rendered":"https:\/\/visitrijeka.hr\/event\/medunarodna-karnevalska-povorka\/"},"modified":"2024-01-17T13:21:40","modified_gmt":"2024-01-17T12:21:40","slug":"medunarodna-karnevalska-povorka","status":"publish","type":"tribe_events","link":"https:\/\/visitrijeka.hr\/fr\/event\/medunarodna-karnevalska-povorka\/","title":{"rendered":"D\u00e9fil\u00e9 international du carnaval"},"content":{"rendered":"<p>Le jour J du Carnaval de Rijeka ou la Journ\u00e9e du grand d\u00e9fil\u00e9 international du carnaval, est la sublimation de tout ce qui a pr\u00e9c\u00e9d\u00e9 pendant la cinqui\u00e8me saison.<\/p>\n<p>Et que dire d&rsquo;autre si ce n&rsquo;est faire appel \u00e0 l&rsquo;anniversaire de la cinqui\u00e8me saison de Rijeka et saluer avec la salutation du Carnaval de Rijeka, dans les quatre mots de laquelle vit toute l\u2019authenticit\u00e9 du Carnaval de Rijeka: KREPAT, MA NE MOLAT! (Mourir, mais ne pas renoncer !)<\/p>\n","protected":false},"excerpt":{"rendered":"<p>Le jour J du Carnaval de Rijeka ou la Journ\u00e9e  [&#8230;]<\/p>\n","protected":false},"author":1,"featured_media":46686,"template":"","meta":{"_acf_changed":false,"inline_featured_image":false,"_tribe_events_status":"","_tribe_events_status_reason":"","_tribe_events_is_hybrid":"","_tribe_events_is_virtual":"","_tribe_events_virtual_video_source":"","_tribe_events_virtual_embed_video":"","_tribe_events_virtual_linked_button_text":"","_tribe_events_virtual_linked_button":"","_tribe_events_virtual_show_embed_at":"","_tribe_events_virtual_show_embed_to":[],"_tribe_events_virtual_show_on_event":"","_tribe_events_virtual_show_on_views":"","_tribe_events_virtual_url":"","footnotes":""},"tags":[],"tribe_events_cat":[1106],"class_list":["post-46776","tribe_events","type-tribe_events","status-publish","has-post-thumbnail","hentry","tribe_events_cat-carnaval","cat_carnaval"],"acf":[],"yoast_head":"<!-- This site is optimized with the Yoast SEO plugin v26.3 - https:\/\/yoast.com\/wordpress\/plugins\/seo\/ -->\n<title>D\u00e9fil\u00e9 international du carnaval - Visit Rijeka<\/title>\n<meta name=\"robots\" content=\"index, follow, max-snippet:-1, max-image-preview:large, max-video-preview:-1\" \/>\n<link rel=\"canonical\" href=\"https:\/\/visitrijeka.hr\/fr\/event\/medunarodna-karnevalska-povorka\/\" \/>\n<meta property=\"og:locale\" content=\"fr_FR\" \/>\n<meta property=\"og:type\" content=\"article\" \/>\n<meta property=\"og:title\" content=\"D\u00e9fil\u00e9 international du carnaval - Visit Rijeka\" \/>\n<meta property=\"og:description\" content=\"Le jour J du Carnaval de Rijeka ou la Journ\u00e9e [...]\" \/>\n<meta property=\"og:url\" content=\"https:\/\/visitrijeka.hr\/fr\/event\/medunarodna-karnevalska-povorka\/\" \/>\n<meta property=\"og:site_name\" content=\"Visit Rijeka\" \/>\n<meta property=\"article:publisher\" content=\"https:\/\/www.facebook.com\/VisitRijeka\" \/>\n<meta property=\"article:modified_time\" content=\"2024-01-17T12:21:40+00:00\" \/>\n<meta property=\"og:image\" content=\"https:\/\/visitrijeka.hr\/wp-content\/uploads\/2024\/01\/Karneval-eng.jpg\" \/>\n\t<meta property=\"og:image:width\" content=\"1200\" \/>\n\t<meta property=\"og:image:height\" content=\"925\" \/>\n\t<meta property=\"og:image:type\" content=\"image\/jpeg\" \/>\n<meta name=\"twitter:card\" content=\"summary_large_image\" \/>\n<meta name=\"twitter:label1\" content=\"Dur\u00e9e de lecture estim\u00e9e\" \/>\n\t<meta name=\"twitter:data1\" content=\"1 minute\" \/>\n<script type=\"application\/ld+json\" class=\"yoast-schema-graph\">{\"@context\":\"https:\/\/schema.org\",\"@graph\":[{\"@type\":\"WebPage\",\"@id\":\"https:\/\/visitrijeka.hr\/fr\/event\/medunarodna-karnevalska-povorka\/\",\"url\":\"https:\/\/visitrijeka.hr\/fr\/event\/medunarodna-karnevalska-povorka\/\",\"name\":\"D\u00e9fil\u00e9 international du carnaval - Visit Rijeka\",\"isPartOf\":{\"@id\":\"https:\/\/visitrijeka.hr\/fr\/#website\"},\"primaryImageOfPage\":{\"@id\":\"https:\/\/visitrijeka.hr\/fr\/event\/medunarodna-karnevalska-povorka\/#primaryimage\"},\"image\":{\"@id\":\"https:\/\/visitrijeka.hr\/fr\/event\/medunarodna-karnevalska-povorka\/#primaryimage\"},\"thumbnailUrl\":\"https:\/\/visitrijeka.hr\/wp-content\/uploads\/2024\/01\/Karneval-eng-e1743494705597.jpg\",\"datePublished\":\"2023-12-28T11:53:50+00:00\",\"dateModified\":\"2024-01-17T12:21:40+00:00\",\"breadcrumb\":{\"@id\":\"https:\/\/visitrijeka.hr\/fr\/event\/medunarodna-karnevalska-povorka\/#breadcrumb\"},\"inLanguage\":\"fr-FR\",\"potentialAction\":[{\"@type\":\"ReadAction\",\"target\":[\"https:\/\/visitrijeka.hr\/fr\/event\/medunarodna-karnevalska-povorka\/\"]}]},{\"@type\":\"ImageObject\",\"inLanguage\":\"fr-FR\",\"@id\":\"https:\/\/visitrijeka.hr\/fr\/event\/medunarodna-karnevalska-povorka\/#primaryimage\",\"url\":\"https:\/\/visitrijeka.hr\/wp-content\/uploads\/2024\/01\/Karneval-eng-e1743494705597.jpg\",\"contentUrl\":\"https:\/\/visitrijeka.hr\/wp-content\/uploads\/2024\/01\/Karneval-eng-e1743494705597.jpg\",\"width\":1200,\"height\":925,\"caption\":\"Karneval eng\"},{\"@type\":\"WebSite\",\"@id\":\"https:\/\/visitrijeka.hr\/fr\/#website\",\"url\":\"https:\/\/visitrijeka.hr\/fr\/\",\"name\":\"Visit Rijeka\",\"description\":\"Grad koji te\u010de....\",\"publisher\":{\"@id\":\"https:\/\/visitrijeka.hr\/fr\/#organization\"},\"potentialAction\":[{\"@type\":\"SearchAction\",\"target\":{\"@type\":\"EntryPoint\",\"urlTemplate\":\"https:\/\/visitrijeka.hr\/fr\/?s={search_term_string}\"},\"query-input\":{\"@type\":\"PropertyValueSpecification\",\"valueRequired\":true,\"valueName\":\"search_term_string\"}}],\"inLanguage\":\"fr-FR\"},{\"@type\":\"Organization\",\"@id\":\"https:\/\/visitrijeka.hr\/fr\/#organization\",\"name\":\"Visit Rijeka\",\"url\":\"https:\/\/visitrijeka.hr\/fr\/\",\"logo\":{\"@type\":\"ImageObject\",\"inLanguage\":\"fr-FR\",\"@id\":\"https:\/\/visitrijeka.hr\/fr\/#\/schema\/logo\/image\/\",\"url\":\"https:\/\/visitrijeka.hr\/wp-content\/uploads\/2023\/02\/Logo_Visit_rijeka_460.svg\",\"contentUrl\":\"https:\/\/visitrijeka.hr\/wp-content\/uploads\/2023\/02\/Logo_Visit_rijeka_460.svg\",\"width\":100,\"height\":100,\"caption\":\"Visit Rijeka\"},\"image\":{\"@id\":\"https:\/\/visitrijeka.hr\/fr\/#\/schema\/logo\/image\/\"},\"sameAs\":[\"https:\/\/www.facebook.com\/VisitRijeka\"]}]}<\/script>\n<!-- \/ Yoast SEO plugin. -->","yoast_head_json":{"title":"D\u00e9fil\u00e9 international du carnaval - Visit Rijeka","robots":{"index":"index","follow":"follow","max-snippet":"max-snippet:-1","max-image-preview":"max-image-preview:large","max-video-preview":"max-video-preview:-1"},"canonical":"https:\/\/visitrijeka.hr\/fr\/event\/medunarodna-karnevalska-povorka\/","og_locale":"fr_FR","og_type":"article","og_title":"D\u00e9fil\u00e9 international du carnaval - Visit Rijeka","og_description":"Le jour J du Carnaval de Rijeka ou la Journ\u00e9e [...]","og_url":"https:\/\/visitrijeka.hr\/fr\/event\/medunarodna-karnevalska-povorka\/","og_site_name":"Visit Rijeka","article_publisher":"https:\/\/www.facebook.com\/VisitRijeka","article_modified_time":"2024-01-17T12:21:40+00:00","og_image":[{"width":1200,"height":925,"url":"https:\/\/visitrijeka.hr\/wp-content\/uploads\/2024\/01\/Karneval-eng.jpg","type":"image\/jpeg"}],"twitter_card":"summary_large_image","twitter_misc":{"Dur\u00e9e de lecture estim\u00e9e":"1 minute"},"schema":{"@context":"https:\/\/schema.org","@graph":[{"@type":"WebPage","@id":"https:\/\/visitrijeka.hr\/fr\/event\/medunarodna-karnevalska-povorka\/","url":"https:\/\/visitrijeka.hr\/fr\/event\/medunarodna-karnevalska-povorka\/","name":"D\u00e9fil\u00e9 international du carnaval - Visit Rijeka","isPartOf":{"@id":"https:\/\/visitrijeka.hr\/fr\/#website"},"primaryImageOfPage":{"@id":"https:\/\/visitrijeka.hr\/fr\/event\/medunarodna-karnevalska-povorka\/#primaryimage"},"image":{"@id":"https:\/\/visitrijeka.hr\/fr\/event\/medunarodna-karnevalska-povorka\/#primaryimage"},"thumbnailUrl":"https:\/\/visitrijeka.hr\/wp-content\/uploads\/2024\/01\/Karneval-eng-e1743494705597.jpg","datePublished":"2023-12-28T11:53:50+00:00","dateModified":"2024-01-17T12:21:40+00:00","breadcrumb":{"@id":"https:\/\/visitrijeka.hr\/fr\/event\/medunarodna-karnevalska-povorka\/#breadcrumb"},"inLanguage":"fr-FR","potentialAction":[{"@type":"ReadAction","target":["https:\/\/visitrijeka.hr\/fr\/event\/medunarodna-karnevalska-povorka\/"]}]},{"@type":"ImageObject","inLanguage":"fr-FR","@id":"https:\/\/visitrijeka.hr\/fr\/event\/medunarodna-karnevalska-povorka\/#primaryimage","url":"https:\/\/visitrijeka.hr\/wp-content\/uploads\/2024\/01\/Karneval-eng-e1743494705597.jpg","contentUrl":"https:\/\/visitrijeka.hr\/wp-content\/uploads\/2024\/01\/Karneval-eng-e1743494705597.jpg","width":1200,"height":925,"caption":"Karneval eng"},{"@type":"WebSite","@id":"https:\/\/visitrijeka.hr\/fr\/#website","url":"https:\/\/visitrijeka.hr\/fr\/","name":"Visit Rijeka","description":"Grad koji te\u010de....","publisher":{"@id":"https:\/\/visitrijeka.hr\/fr\/#organization"},"potentialAction":[{"@type":"SearchAction","target":{"@type":"EntryPoint","urlTemplate":"https:\/\/visitrijeka.hr\/fr\/?s={search_term_string}"},"query-input":{"@type":"PropertyValueSpecification","valueRequired":true,"valueName":"search_term_string"}}],"inLanguage":"fr-FR"},{"@type":"Organization","@id":"https:\/\/visitrijeka.hr\/fr\/#organization","name":"Visit Rijeka","url":"https:\/\/visitrijeka.hr\/fr\/","logo":{"@type":"ImageObject","inLanguage":"fr-FR","@id":"https:\/\/visitrijeka.hr\/fr\/#\/schema\/logo\/image\/","url":"https:\/\/visitrijeka.hr\/wp-content\/uploads\/2023\/02\/Logo_Visit_rijeka_460.svg","contentUrl":"https:\/\/visitrijeka.hr\/wp-content\/uploads\/2023\/02\/Logo_Visit_rijeka_460.svg","width":100,"height":100,"caption":"Visit Rijeka"},"image":{"@id":"https:\/\/visitrijeka.hr\/fr\/#\/schema\/logo\/image\/"},"sameAs":["https:\/\/www.facebook.com\/VisitRijeka"]}]}},"_links":{"self":[{"href":"https:\/\/visitrijeka.hr\/fr\/wp-json\/wp\/v2\/tribe_events\/46776","targetHints":{"allow":["GET"]}}],"collection":[{"href":"https:\/\/visitrijeka.hr\/fr\/wp-json\/wp\/v2\/tribe_events"}],"about":[{"href":"https:\/\/visitrijeka.hr\/fr\/wp-json\/wp\/v2\/types\/tribe_events"}],"author":[{"embeddable":true,"href":"https:\/\/visitrijeka.hr\/fr\/wp-json\/wp\/v2\/users\/1"}],"version-history":[{"count":0,"href":"https:\/\/visitrijeka.hr\/fr\/wp-json\/wp\/v2\/tribe_events\/46776\/revisions"}],"wp:featuredmedia":[{"embeddable":true,"href":"https:\/\/visitrijeka.hr\/fr\/wp-json\/wp\/v2\/media\/46686"}],"wp:attachment":[{"href":"https:\/\/visitrijeka.hr\/fr\/wp-json\/wp\/v2\/media?parent=46776"}],"wp:term":[{"taxonomy":"post_tag","embeddable":true,"href":"https:\/\/visitrijeka.hr\/fr\/wp-json\/wp\/v2\/tags?post=46776"},{"taxonomy":"tribe_events_cat","embeddable":true,"href":"https:\/\/visitrijeka.hr\/fr\/wp-json\/wp\/v2\/tribe_events_cat?post=46776"}],"curies":[{"name":"wp","href":"https:\/\/api.w.org\/{rel}","templated":true}]}}

Défilé international du carnaval

<p>Le jour J du Carnaval de Rijeka ou la Journée du grand défilé international du carnaval, est la sublimation de tout ce qui a précédé pendant la cinquième saison.</p>
<p>Et que dire d&rsquo;autre si ce n&rsquo;est faire appel à l&rsquo;anniversaire de la cinquième saison de Rijeka et saluer avec la salutation du Carnaval de Rijeka, dans les quatre mots de laquelle vit toute l’authenticité du Carnaval de Rijeka: KREPAT, MA NE MOLAT! (Mourir, mais ne pas renoncer !)</p>

<p>Le jour J du Carnaval de Rijeka ou la Journée  [&#8230;]</p>

<!-- This site is optimized with the Yoast SEO plugin v26.3 - https://yoast.com/wordpress/plugins/seo/ -->
<title>Défilé international du carnaval - Visit Rijeka</title>
<meta name="robots" content="index, follow, max-snippet:-1, max-image-preview:large, max-video-preview:-1" />
<link rel="canonical" href="https://visitrijeka.hr/fr/event/medunarodna-karnevalska-povorka/" />
<meta property="og:locale" content="fr_FR" />
<meta property="og:type" content="article" />
<meta property="og:title" content="Défilé international du carnaval - Visit Rijeka" />
<meta property="og:description" content="Le jour J du Carnaval de Rijeka ou la Journée [...]" />
<meta property="og:url" content="https://visitrijeka.hr/fr/event/medunarodna-karnevalska-povorka/" />
<meta property="og:site_name" content="Visit Rijeka" />
<meta property="article:publisher" content="https://www.facebook.com/VisitRijeka" />
<meta property="article:modified_time" content="2024-01-17T12:21:40+00:00" />
<meta property="og:image" content="https://visitrijeka.hr/wp-content/uploads/2024/01/Karneval-eng.jpg" />
	<meta property="og:image:width" content="1200" />
	<meta property="og:image:height" content="925" />
	<meta property="og:image:type" content="image/jpeg" />
<meta name="twitter:card" content="summary_large_image" />
<meta name="twitter:label1" content="Durée de lecture estimée" />
	<meta name="twitter:data1" content="1 minute" />
<script type="application/ld+json" class="yoast-schema-graph">{"@context":"https://schema.org","@graph":[{"@type":"WebPage","@id":"https://visitrijeka.hr/fr/event/medunarodna-karnevalska-povorka/","url":"https://visitrijeka.hr/fr/event/medunarodna-karnevalska-povorka/","name":"Défilé international du carnaval - Visit Rijeka","isPartOf":{"@id":"https://visitrijeka.hr/fr/#website"},"primaryImageOfPage":{"@id":"https://visitrijeka.hr/fr/event/medunarodna-karnevalska-povorka/#primaryimage"},"image":{"@id":"https://visitrijeka.hr/fr/event/medunarodna-karnevalska-povorka/#primaryimage"},"thumbnailUrl":"https://visitrijeka.hr/wp-content/uploads/2024/01/Karneval-eng-e1743494705597.jpg","datePublished":"2023-12-28T11:53:50+00:00","dateModified":"2024-01-17T12:21:40+00:00","breadcrumb":{"@id":"https://visitrijeka.hr/fr/event/medunarodna-karnevalska-povorka/#breadcrumb"},"inLanguage":"fr-FR","potentialAction":[{"@type":"ReadAction","target":["https://visitrijeka.hr/fr/event/medunarodna-karnevalska-povorka/"]}]},{"@type":"ImageObject","inLanguage":"fr-FR","@id":"https://visitrijeka.hr/fr/event/medunarodna-karnevalska-povorka/#primaryimage","url":"https://visitrijeka.hr/wp-content/uploads/2024/01/Karneval-eng-e1743494705597.jpg","contentUrl":"https://visitrijeka.hr/wp-content/uploads/2024/01/Karneval-eng-e1743494705597.jpg","width":1200,"height":925,"caption":"Karneval eng"},{"@type":"WebSite","@id":"https://visitrijeka.hr/fr/#website","url":"https://visitrijeka.hr/fr/","name":"Visit Rijeka","description":"Grad koji teče....","publisher":{"@id":"https://visitrijeka.hr/fr/#organization"},"potentialAction":[{"@type":"SearchAction","target":{"@type":"EntryPoint","urlTemplate":"https://visitrijeka.hr/fr/?s={search_term_string}"},"query-input":{"@type":"PropertyValueSpecification","valueRequired":true,"valueName":"search_term_string"}}],"inLanguage":"fr-FR"},{"@type":"Organization","@id":"https://visitrijeka.hr/fr/#organization","name":"Visit Rijeka","url":"https://visitrijeka.hr/fr/","logo":{"@type":"ImageObject","inLanguage":"fr-FR","@id":"https://visitrijeka.hr/fr/#/schema/logo/image/","url":"https://visitrijeka.hr/wp-content/uploads/2023/02/Logo_Visit_rijeka_460.svg","contentUrl":"https://visitrijeka.hr/wp-content/uploads/2023/02/Logo_Visit_rijeka_460.svg","width":100,"height":100,"caption":"Visit Rijeka"},"image":{"@id":"https://visitrijeka.hr/fr/#/schema/logo/image/"},"sameAs":["https://www.facebook.com/VisitRijeka"]}]}</script>
<!-- / Yoast SEO plugin. -->

Défilé international du carnaval - Visit Rijeka

Le jour J du Carnaval de Rijeka ou la Journée [...]

Grad koji teče....
