{"id":46779,"date":"2023-12-28T12:53:50","date_gmt":"2023-12-28T11:53:50","guid":{"rendered":"https:\/\/visitrijeka.hr\/event\/medunarodna-karnevalska-povorka\/"},"modified":"2024-01-17T13:26:13","modified_gmt":"2024-01-17T12:26:13","slug":"medunarodna-karnevalska-povorka","status":"publish","type":"tribe_events","link":"https:\/\/visitrijeka.hr\/es\/event\/medunarodna-karnevalska-povorka\/","title":{"rendered":"Desfile Internacional de carnaval"},"content":{"rendered":"<p>El D\u00eda D del carnaval de Rijeka, o el D\u00eda del Gran Desfile Internacional de carnaval, es la sublimaci\u00f3n de todo lo que le proced\u00eda durante la quinta temporada.<\/p>\n<p>Y qu\u00e9 agregar, excepto invitaros en el aniversario de la quinta temporada de Rijeka y saludar con el saludo de carnaval de Rijeka en cuyas cuatro palabras vive toda la verdad del carnaval de Rijeka \u201cKREPAT, MA NE MOLAT!\u201d, que significa \u201cMUERE, PERO NO TE RINDES\u201d.<\/p>\n","protected":false},"excerpt":{"rendered":"<p>El D\u00eda D del carnaval de Rijeka, o el D\u00eda  [&#8230;]<\/p>\n","protected":false},"author":1,"featured_media":46689,"template":"","meta":{"_acf_changed":false,"inline_featured_image":false,"_tribe_events_status":"","_tribe_events_status_reason":"","_tribe_events_is_hybrid":"","_tribe_events_is_virtual":"","_tribe_events_virtual_video_source":"","_tribe_events_virtual_embed_video":"","_tribe_events_virtual_linked_button_text":"","_tribe_events_virtual_linked_button":"","_tribe_events_virtual_show_embed_at":"","_tribe_events_virtual_show_embed_to":[],"_tribe_events_virtual_show_on_event":"","_tribe_events_virtual_show_on_views":"","_tribe_events_virtual_url":"","footnotes":""},"tags":[],"tribe_events_cat":[1109],"class_list":["post-46779","tribe_events","type-tribe_events","status-publish","has-post-thumbnail","hentry","tribe_events_cat-carnaval-es","cat_carnaval-es"],"acf":[],"yoast_head":"<!-- This site is optimized with the Yoast SEO plugin v26.3 - https:\/\/yoast.com\/wordpress\/plugins\/seo\/ -->\n<title>Desfile Internacional de carnaval - Visit Rijeka<\/title>\n<meta name=\"robots\" content=\"index, follow, max-snippet:-1, max-image-preview:large, max-video-preview:-1\" \/>\n<link rel=\"canonical\" href=\"https:\/\/visitrijeka.hr\/es\/event\/medunarodna-karnevalska-povorka\/\" \/>\n<meta property=\"og:locale\" content=\"es_ES\" \/>\n<meta property=\"og:type\" content=\"article\" \/>\n<meta property=\"og:title\" content=\"Desfile Internacional de carnaval - Visit Rijeka\" \/>\n<meta property=\"og:description\" content=\"El D\u00eda D del carnaval de Rijeka, o el D\u00eda [...]\" \/>\n<meta property=\"og:url\" content=\"https:\/\/visitrijeka.hr\/es\/event\/medunarodna-karnevalska-povorka\/\" \/>\n<meta property=\"og:site_name\" content=\"Visit Rijeka\" \/>\n<meta property=\"article:publisher\" content=\"https:\/\/www.facebook.com\/VisitRijeka\" \/>\n<meta property=\"article:modified_time\" content=\"2024-01-17T12:26:13+00:00\" \/>\n<meta property=\"og:image\" content=\"https:\/\/visitrijeka.hr\/wp-content\/uploads\/2024\/01\/Karneval-eng.jpg\" \/>\n\t<meta property=\"og:image:width\" content=\"1200\" \/>\n\t<meta property=\"og:image:height\" content=\"925\" \/>\n\t<meta property=\"og:image:type\" content=\"image\/jpeg\" \/>\n<meta name=\"twitter:card\" content=\"summary_large_image\" \/>\n<meta name=\"twitter:label1\" content=\"Tiempo de lectura\" \/>\n\t<meta name=\"twitter:data1\" content=\"1 minuto\" \/>\n<script type=\"application\/ld+json\" class=\"yoast-schema-graph\">{\"@context\":\"https:\/\/schema.org\",\"@graph\":[{\"@type\":\"WebPage\",\"@id\":\"https:\/\/visitrijeka.hr\/es\/event\/medunarodna-karnevalska-povorka\/\",\"url\":\"https:\/\/visitrijeka.hr\/es\/event\/medunarodna-karnevalska-povorka\/\",\"name\":\"Desfile Internacional de carnaval - Visit Rijeka\",\"isPartOf\":{\"@id\":\"https:\/\/visitrijeka.hr\/es\/#website\"},\"primaryImageOfPage\":{\"@id\":\"https:\/\/visitrijeka.hr\/es\/event\/medunarodna-karnevalska-povorka\/#primaryimage\"},\"image\":{\"@id\":\"https:\/\/visitrijeka.hr\/es\/event\/medunarodna-karnevalska-povorka\/#primaryimage\"},\"thumbnailUrl\":\"https:\/\/visitrijeka.hr\/wp-content\/uploads\/2024\/01\/Karneval-eng-e1743494705597.jpg\",\"datePublished\":\"2023-12-28T11:53:50+00:00\",\"dateModified\":\"2024-01-17T12:26:13+00:00\",\"breadcrumb\":{\"@id\":\"https:\/\/visitrijeka.hr\/es\/event\/medunarodna-karnevalska-povorka\/#breadcrumb\"},\"inLanguage\":\"es\",\"potentialAction\":[{\"@type\":\"ReadAction\",\"target\":[\"https:\/\/visitrijeka.hr\/es\/event\/medunarodna-karnevalska-povorka\/\"]}]},{\"@type\":\"ImageObject\",\"inLanguage\":\"es\",\"@id\":\"https:\/\/visitrijeka.hr\/es\/event\/medunarodna-karnevalska-povorka\/#primaryimage\",\"url\":\"https:\/\/visitrijeka.hr\/wp-content\/uploads\/2024\/01\/Karneval-eng-e1743494705597.jpg\",\"contentUrl\":\"https:\/\/visitrijeka.hr\/wp-content\/uploads\/2024\/01\/Karneval-eng-e1743494705597.jpg\",\"width\":1200,\"height\":925,\"caption\":\"Karneval eng\"},{\"@type\":\"WebSite\",\"@id\":\"https:\/\/visitrijeka.hr\/es\/#website\",\"url\":\"https:\/\/visitrijeka.hr\/es\/\",\"name\":\"Visit Rijeka\",\"description\":\"Grad koji te\u010de....\",\"publisher\":{\"@id\":\"https:\/\/visitrijeka.hr\/es\/#organization\"},\"potentialAction\":[{\"@type\":\"SearchAction\",\"target\":{\"@type\":\"EntryPoint\",\"urlTemplate\":\"https:\/\/visitrijeka.hr\/es\/?s={search_term_string}\"},\"query-input\":{\"@type\":\"PropertyValueSpecification\",\"valueRequired\":true,\"valueName\":\"search_term_string\"}}],\"inLanguage\":\"es\"},{\"@type\":\"Organization\",\"@id\":\"https:\/\/visitrijeka.hr\/es\/#organization\",\"name\":\"Visit Rijeka\",\"url\":\"https:\/\/visitrijeka.hr\/es\/\",\"logo\":{\"@type\":\"ImageObject\",\"inLanguage\":\"es\",\"@id\":\"https:\/\/visitrijeka.hr\/es\/#\/schema\/logo\/image\/\",\"url\":\"https:\/\/visitrijeka.hr\/wp-content\/uploads\/2023\/02\/Logo_Visit_rijeka_460.svg\",\"contentUrl\":\"https:\/\/visitrijeka.hr\/wp-content\/uploads\/2023\/02\/Logo_Visit_rijeka_460.svg\",\"width\":100,\"height\":100,\"caption\":\"Visit Rijeka\"},\"image\":{\"@id\":\"https:\/\/visitrijeka.hr\/es\/#\/schema\/logo\/image\/\"},\"sameAs\":[\"https:\/\/www.facebook.com\/VisitRijeka\"]}]}<\/script>\n<!-- \/ Yoast SEO plugin. -->","yoast_head_json":{"title":"Desfile Internacional de carnaval - Visit Rijeka","robots":{"index":"index","follow":"follow","max-snippet":"max-snippet:-1","max-image-preview":"max-image-preview:large","max-video-preview":"max-video-preview:-1"},"canonical":"https:\/\/visitrijeka.hr\/es\/event\/medunarodna-karnevalska-povorka\/","og_locale":"es_ES","og_type":"article","og_title":"Desfile Internacional de carnaval - Visit Rijeka","og_description":"El D\u00eda D del carnaval de Rijeka, o el D\u00eda [...]","og_url":"https:\/\/visitrijeka.hr\/es\/event\/medunarodna-karnevalska-povorka\/","og_site_name":"Visit Rijeka","article_publisher":"https:\/\/www.facebook.com\/VisitRijeka","article_modified_time":"2024-01-17T12:26:13+00:00","og_image":[{"width":1200,"height":925,"url":"https:\/\/visitrijeka.hr\/wp-content\/uploads\/2024\/01\/Karneval-eng.jpg","type":"image\/jpeg"}],"twitter_card":"summary_large_image","twitter_misc":{"Tiempo de lectura":"1 minuto"},"schema":{"@context":"https:\/\/schema.org","@graph":[{"@type":"WebPage","@id":"https:\/\/visitrijeka.hr\/es\/event\/medunarodna-karnevalska-povorka\/","url":"https:\/\/visitrijeka.hr\/es\/event\/medunarodna-karnevalska-povorka\/","name":"Desfile Internacional de carnaval - Visit Rijeka","isPartOf":{"@id":"https:\/\/visitrijeka.hr\/es\/#website"},"primaryImageOfPage":{"@id":"https:\/\/visitrijeka.hr\/es\/event\/medunarodna-karnevalska-povorka\/#primaryimage"},"image":{"@id":"https:\/\/visitrijeka.hr\/es\/event\/medunarodna-karnevalska-povorka\/#primaryimage"},"thumbnailUrl":"https:\/\/visitrijeka.hr\/wp-content\/uploads\/2024\/01\/Karneval-eng-e1743494705597.jpg","datePublished":"2023-12-28T11:53:50+00:00","dateModified":"2024-01-17T12:26:13+00:00","breadcrumb":{"@id":"https:\/\/visitrijeka.hr\/es\/event\/medunarodna-karnevalska-povorka\/#breadcrumb"},"inLanguage":"es","potentialAction":[{"@type":"ReadAction","target":["https:\/\/visitrijeka.hr\/es\/event\/medunarodna-karnevalska-povorka\/"]}]},{"@type":"ImageObject","inLanguage":"es","@id":"https:\/\/visitrijeka.hr\/es\/event\/medunarodna-karnevalska-povorka\/#primaryimage","url":"https:\/\/visitrijeka.hr\/wp-content\/uploads\/2024\/01\/Karneval-eng-e1743494705597.jpg","contentUrl":"https:\/\/visitrijeka.hr\/wp-content\/uploads\/2024\/01\/Karneval-eng-e1743494705597.jpg","width":1200,"height":925,"caption":"Karneval eng"},{"@type":"WebSite","@id":"https:\/\/visitrijeka.hr\/es\/#website","url":"https:\/\/visitrijeka.hr\/es\/","name":"Visit Rijeka","description":"Grad koji te\u010de....","publisher":{"@id":"https:\/\/visitrijeka.hr\/es\/#organization"},"potentialAction":[{"@type":"SearchAction","target":{"@type":"EntryPoint","urlTemplate":"https:\/\/visitrijeka.hr\/es\/?s={search_term_string}"},"query-input":{"@type":"PropertyValueSpecification","valueRequired":true,"valueName":"search_term_string"}}],"inLanguage":"es"},{"@type":"Organization","@id":"https:\/\/visitrijeka.hr\/es\/#organization","name":"Visit Rijeka","url":"https:\/\/visitrijeka.hr\/es\/","logo":{"@type":"ImageObject","inLanguage":"es","@id":"https:\/\/visitrijeka.hr\/es\/#\/schema\/logo\/image\/","url":"https:\/\/visitrijeka.hr\/wp-content\/uploads\/2023\/02\/Logo_Visit_rijeka_460.svg","contentUrl":"https:\/\/visitrijeka.hr\/wp-content\/uploads\/2023\/02\/Logo_Visit_rijeka_460.svg","width":100,"height":100,"caption":"Visit Rijeka"},"image":{"@id":"https:\/\/visitrijeka.hr\/es\/#\/schema\/logo\/image\/"},"sameAs":["https:\/\/www.facebook.com\/VisitRijeka"]}]}},"_links":{"self":[{"href":"https:\/\/visitrijeka.hr\/es\/wp-json\/wp\/v2\/tribe_events\/46779","targetHints":{"allow":["GET"]}}],"collection":[{"href":"https:\/\/visitrijeka.hr\/es\/wp-json\/wp\/v2\/tribe_events"}],"about":[{"href":"https:\/\/visitrijeka.hr\/es\/wp-json\/wp\/v2\/types\/tribe_events"}],"author":[{"embeddable":true,"href":"https:\/\/visitrijeka.hr\/es\/wp-json\/wp\/v2\/users\/1"}],"version-history":[{"count":0,"href":"https:\/\/visitrijeka.hr\/es\/wp-json\/wp\/v2\/tribe_events\/46779\/revisions"}],"wp:featuredmedia":[{"embeddable":true,"href":"https:\/\/visitrijeka.hr\/es\/wp-json\/wp\/v2\/media\/46689"}],"wp:attachment":[{"href":"https:\/\/visitrijeka.hr\/es\/wp-json\/wp\/v2\/media?parent=46779"}],"wp:term":[{"taxonomy":"post_tag","embeddable":true,"href":"https:\/\/visitrijeka.hr\/es\/wp-json\/wp\/v2\/tags?post=46779"},{"taxonomy":"tribe_events_cat","embeddable":true,"href":"https:\/\/visitrijeka.hr\/es\/wp-json\/wp\/v2\/tribe_events_cat?post=46779"}],"curies":[{"name":"wp","href":"https:\/\/api.w.org\/{rel}","templated":true}]}}

<p>El Día D del carnaval de Rijeka, o el Día del Gran Desfile Internacional de carnaval, es la sublimación de todo lo que le procedía durante la quinta temporada.</p>
<p>Y qué agregar, excepto invitaros en el aniversario de la quinta temporada de Rijeka y saludar con el saludo de carnaval de Rijeka en cuyas cuatro palabras vive toda la verdad del carnaval de Rijeka “KREPAT, MA NE MOLAT!”, que significa “MUERE, PERO NO TE RINDES”.</p>

<p>El Día D del carnaval de Rijeka, o el Día  [&#8230;]</p>

<!-- This site is optimized with the Yoast SEO plugin v26.3 - https://yoast.com/wordpress/plugins/seo/ -->
<title>Desfile Internacional de carnaval - Visit Rijeka</title>
<meta name="robots" content="index, follow, max-snippet:-1, max-image-preview:large, max-video-preview:-1" />
<link rel="canonical" href="https://visitrijeka.hr/es/event/medunarodna-karnevalska-povorka/" />
<meta property="og:locale" content="es_ES" />
<meta property="og:type" content="article" />
<meta property="og:title" content="Desfile Internacional de carnaval - Visit Rijeka" />
<meta property="og:description" content="El Día D del carnaval de Rijeka, o el Día [...]" />
<meta property="og:url" content="https://visitrijeka.hr/es/event/medunarodna-karnevalska-povorka/" />
<meta property="og:site_name" content="Visit Rijeka" />
<meta property="article:publisher" content="https://www.facebook.com/VisitRijeka" />
<meta property="article:modified_time" content="2024-01-17T12:26:13+00:00" />
<meta property="og:image" content="https://visitrijeka.hr/wp-content/uploads/2024/01/Karneval-eng.jpg" />
	<meta property="og:image:width" content="1200" />
	<meta property="og:image:height" content="925" />
	<meta property="og:image:type" content="image/jpeg" />
<meta name="twitter:card" content="summary_large_image" />
<meta name="twitter:label1" content="Tiempo de lectura" />
	<meta name="twitter:data1" content="1 minuto" />
<script type="application/ld+json" class="yoast-schema-graph">{"@context":"https://schema.org","@graph":[{"@type":"WebPage","@id":"https://visitrijeka.hr/es/event/medunarodna-karnevalska-povorka/","url":"https://visitrijeka.hr/es/event/medunarodna-karnevalska-povorka/","name":"Desfile Internacional de carnaval - Visit Rijeka","isPartOf":{"@id":"https://visitrijeka.hr/es/#website"},"primaryImageOfPage":{"@id":"https://visitrijeka.hr/es/event/medunarodna-karnevalska-povorka/#primaryimage"},"image":{"@id":"https://visitrijeka.hr/es/event/medunarodna-karnevalska-povorka/#primaryimage"},"thumbnailUrl":"https://visitrijeka.hr/wp-content/uploads/2024/01/Karneval-eng-e1743494705597.jpg","datePublished":"2023-12-28T11:53:50+00:00","dateModified":"2024-01-17T12:26:13+00:00","breadcrumb":{"@id":"https://visitrijeka.hr/es/event/medunarodna-karnevalska-povorka/#breadcrumb"},"inLanguage":"es","potentialAction":[{"@type":"ReadAction","target":["https://visitrijeka.hr/es/event/medunarodna-karnevalska-povorka/"]}]},{"@type":"ImageObject","inLanguage":"es","@id":"https://visitrijeka.hr/es/event/medunarodna-karnevalska-povorka/#primaryimage","url":"https://visitrijeka.hr/wp-content/uploads/2024/01/Karneval-eng-e1743494705597.jpg","contentUrl":"https://visitrijeka.hr/wp-content/uploads/2024/01/Karneval-eng-e1743494705597.jpg","width":1200,"height":925,"caption":"Karneval eng"},{"@type":"WebSite","@id":"https://visitrijeka.hr/es/#website","url":"https://visitrijeka.hr/es/","name":"Visit Rijeka","description":"Grad koji teče....","publisher":{"@id":"https://visitrijeka.hr/es/#organization"},"potentialAction":[{"@type":"SearchAction","target":{"@type":"EntryPoint","urlTemplate":"https://visitrijeka.hr/es/?s={search_term_string}"},"query-input":{"@type":"PropertyValueSpecification","valueRequired":true,"valueName":"search_term_string"}}],"inLanguage":"es"},{"@type":"Organization","@id":"https://visitrijeka.hr/es/#organization","name":"Visit Rijeka","url":"https://visitrijeka.hr/es/","logo":{"@type":"ImageObject","inLanguage":"es","@id":"https://visitrijeka.hr/es/#/schema/logo/image/","url":"https://visitrijeka.hr/wp-content/uploads/2023/02/Logo_Visit_rijeka_460.svg","contentUrl":"https://visitrijeka.hr/wp-content/uploads/2023/02/Logo_Visit_rijeka_460.svg","width":100,"height":100,"caption":"Visit Rijeka"},"image":{"@id":"https://visitrijeka.hr/es/#/schema/logo/image/"},"sameAs":["https://www.facebook.com/VisitRijeka"]}]}</script>
<!-- / Yoast SEO plugin. -->

El Día D del carnaval de Rijeka, o el Día [...]

Grad koji teče....
