{"id":46738,"date":"2023-12-28T11:29:43","date_gmt":"2023-12-28T10:29:43","guid":{"rendered":"https:\/\/visitrijeka.hr\/event\/djecja-karnevalska-povorka\/"},"modified":"2023-12-28T11:29:43","modified_gmt":"2023-12-28T10:29:43","slug":"djecja-karnevalska-povorka","status":"publish","type":"tribe_events","link":"https:\/\/visitrijeka.hr\/es\/event\/djecja-karnevalska-povorka\/","title":{"rendered":"Dje\u010dja karnevalska povorka"},"content":{"rendered":"<p>Dje\u010dja karnevalska povorka je karnevalski doga\u0111aj u kojem sudjeluju najmla\u0111e generacije iz zemlje i inozemstva, kada rijeka mali\u0161ana u raznobojnoj ma\u0161karanoj povorci preplavi rije\u010dki Korzo.<br \/>\nBezbrojni likovi iz bajki i najljep\u0161a stvorenja iz ma\u0161te toga su dana glavna atrakcija Rije\u010dkog karnevala zbog kojih dolaze brojni posjetitelji iz cijelog svijeta.<br \/>\nMa\u0161karani klinci su garancija i obe\u0107anje da se karnevalska tradicija nikada ne\u0107e zatrti na ovim prostorima nego da \u0107e vjekovima \u017eivjeti i prenositi duh ma\u0161karanja na slijede\u0107e generacije, koje \u0107e znati cijeniti ostav\u0161tinu svojih predaka.<\/p>\n<p>Dje\u010dja karnevalska povorka odr\u017eat \u0107e se u subotu 27. sije\u010dnja 2024. godine s po\u010detkom u 13 sati u centru grada!<\/p>\n","protected":false},"excerpt":{"rendered":"<p>Dje\u010dja karnevalska povorka je karnevalski doga\u0111aj u kojem sudjeluju najmla\u0111e  [&#8230;]<\/p>\n","protected":false},"author":1,"featured_media":46695,"template":"","meta":{"_acf_changed":false,"inline_featured_image":false,"_tribe_events_status":"","_tribe_events_status_reason":"","_tribe_events_is_hybrid":"","_tribe_events_is_virtual":"","_tribe_events_virtual_video_source":"","_tribe_events_virtual_embed_video":"","_tribe_events_virtual_linked_button_text":"","_tribe_events_virtual_linked_button":"","_tribe_events_virtual_show_embed_at":"","_tribe_events_virtual_show_embed_to":[],"_tribe_events_virtual_show_on_event":"","_tribe_events_virtual_show_on_views":"","_tribe_events_virtual_url":"","footnotes":""},"tags":[],"tribe_events_cat":[1109],"class_list":["post-46738","tribe_events","type-tribe_events","status-publish","has-post-thumbnail","hentry","tribe_events_cat-carnaval-es","cat_carnaval-es"],"acf":[],"yoast_head":"<!-- This site is optimized with the Yoast SEO plugin v26.3 - https:\/\/yoast.com\/wordpress\/plugins\/seo\/ -->\n<title>Dje\u010dja karnevalska povorka - Visit Rijeka<\/title>\n<meta name=\"robots\" content=\"index, follow, max-snippet:-1, max-image-preview:large, max-video-preview:-1\" \/>\n<link rel=\"canonical\" href=\"https:\/\/visitrijeka.hr\/es\/event\/djecja-karnevalska-povorka\/\" \/>\n<meta property=\"og:locale\" content=\"es_ES\" \/>\n<meta property=\"og:type\" content=\"article\" \/>\n<meta property=\"og:title\" content=\"Dje\u010dja karnevalska povorka - Visit Rijeka\" \/>\n<meta property=\"og:description\" content=\"Dje\u010dja karnevalska povorka je karnevalski doga\u0111aj u kojem sudjeluju najmla\u0111e [...]\" \/>\n<meta property=\"og:url\" content=\"https:\/\/visitrijeka.hr\/es\/event\/djecja-karnevalska-povorka\/\" \/>\n<meta property=\"og:site_name\" content=\"Visit Rijeka\" \/>\n<meta property=\"article:publisher\" content=\"https:\/\/www.facebook.com\/VisitRijeka\" \/>\n<meta name=\"twitter:card\" content=\"summary_large_image\" \/>\n<meta name=\"twitter:label1\" content=\"Tiempo de lectura\" \/>\n\t<meta name=\"twitter:data1\" content=\"1 minuto\" \/>\n<script type=\"application\/ld+json\" class=\"yoast-schema-graph\">{\"@context\":\"https:\/\/schema.org\",\"@graph\":[{\"@type\":\"WebPage\",\"@id\":\"https:\/\/visitrijeka.hr\/es\/event\/djecja-karnevalska-povorka\/\",\"url\":\"https:\/\/visitrijeka.hr\/es\/event\/djecja-karnevalska-povorka\/\",\"name\":\"Dje\u010dja karnevalska povorka - Visit Rijeka\",\"isPartOf\":{\"@id\":\"https:\/\/visitrijeka.hr\/es\/#website\"},\"primaryImageOfPage\":{\"@id\":\"https:\/\/visitrijeka.hr\/es\/event\/djecja-karnevalska-povorka\/#primaryimage\"},\"image\":{\"@id\":\"https:\/\/visitrijeka.hr\/es\/event\/djecja-karnevalska-povorka\/#primaryimage\"},\"thumbnailUrl\":\"https:\/\/visitrijeka.hr\/wp-content\/uploads\/2024\/01\/Karneval-djecja-eng.jpg\",\"datePublished\":\"2023-12-28T10:29:43+00:00\",\"breadcrumb\":{\"@id\":\"https:\/\/visitrijeka.hr\/es\/event\/djecja-karnevalska-povorka\/#breadcrumb\"},\"inLanguage\":\"es\",\"potentialAction\":[{\"@type\":\"ReadAction\",\"target\":[\"https:\/\/visitrijeka.hr\/es\/event\/djecja-karnevalska-povorka\/\"]}]},{\"@type\":\"ImageObject\",\"inLanguage\":\"es\",\"@id\":\"https:\/\/visitrijeka.hr\/es\/event\/djecja-karnevalska-povorka\/#primaryimage\",\"url\":\"https:\/\/visitrijeka.hr\/wp-content\/uploads\/2024\/01\/Karneval-djecja-eng.jpg\",\"contentUrl\":\"https:\/\/visitrijeka.hr\/wp-content\/uploads\/2024\/01\/Karneval-djecja-eng.jpg\",\"width\":1200,\"height\":925,\"caption\":\"Karneval dje\u010dja eng\"},{\"@type\":\"WebSite\",\"@id\":\"https:\/\/visitrijeka.hr\/es\/#website\",\"url\":\"https:\/\/visitrijeka.hr\/es\/\",\"name\":\"Visit Rijeka\",\"description\":\"Grad koji te\u010de....\",\"publisher\":{\"@id\":\"https:\/\/visitrijeka.hr\/es\/#organization\"},\"potentialAction\":[{\"@type\":\"SearchAction\",\"target\":{\"@type\":\"EntryPoint\",\"urlTemplate\":\"https:\/\/visitrijeka.hr\/es\/?s={search_term_string}\"},\"query-input\":{\"@type\":\"PropertyValueSpecification\",\"valueRequired\":true,\"valueName\":\"search_term_string\"}}],\"inLanguage\":\"es\"},{\"@type\":\"Organization\",\"@id\":\"https:\/\/visitrijeka.hr\/es\/#organization\",\"name\":\"Visit Rijeka\",\"url\":\"https:\/\/visitrijeka.hr\/es\/\",\"logo\":{\"@type\":\"ImageObject\",\"inLanguage\":\"es\",\"@id\":\"https:\/\/visitrijeka.hr\/es\/#\/schema\/logo\/image\/\",\"url\":\"https:\/\/visitrijeka.hr\/wp-content\/uploads\/2023\/02\/Logo_Visit_rijeka_460.svg\",\"contentUrl\":\"https:\/\/visitrijeka.hr\/wp-content\/uploads\/2023\/02\/Logo_Visit_rijeka_460.svg\",\"width\":100,\"height\":100,\"caption\":\"Visit Rijeka\"},\"image\":{\"@id\":\"https:\/\/visitrijeka.hr\/es\/#\/schema\/logo\/image\/\"},\"sameAs\":[\"https:\/\/www.facebook.com\/VisitRijeka\"]}]}<\/script>\n<!-- \/ Yoast SEO plugin. -->","yoast_head_json":{"title":"Dje\u010dja karnevalska povorka - Visit Rijeka","robots":{"index":"index","follow":"follow","max-snippet":"max-snippet:-1","max-image-preview":"max-image-preview:large","max-video-preview":"max-video-preview:-1"},"canonical":"https:\/\/visitrijeka.hr\/es\/event\/djecja-karnevalska-povorka\/","og_locale":"es_ES","og_type":"article","og_title":"Dje\u010dja karnevalska povorka - Visit Rijeka","og_description":"Dje\u010dja karnevalska povorka je karnevalski doga\u0111aj u kojem sudjeluju najmla\u0111e [...]","og_url":"https:\/\/visitrijeka.hr\/es\/event\/djecja-karnevalska-povorka\/","og_site_name":"Visit Rijeka","article_publisher":"https:\/\/www.facebook.com\/VisitRijeka","twitter_card":"summary_large_image","twitter_misc":{"Tiempo de lectura":"1 minuto"},"schema":{"@context":"https:\/\/schema.org","@graph":[{"@type":"WebPage","@id":"https:\/\/visitrijeka.hr\/es\/event\/djecja-karnevalska-povorka\/","url":"https:\/\/visitrijeka.hr\/es\/event\/djecja-karnevalska-povorka\/","name":"Dje\u010dja karnevalska povorka - Visit Rijeka","isPartOf":{"@id":"https:\/\/visitrijeka.hr\/es\/#website"},"primaryImageOfPage":{"@id":"https:\/\/visitrijeka.hr\/es\/event\/djecja-karnevalska-povorka\/#primaryimage"},"image":{"@id":"https:\/\/visitrijeka.hr\/es\/event\/djecja-karnevalska-povorka\/#primaryimage"},"thumbnailUrl":"https:\/\/visitrijeka.hr\/wp-content\/uploads\/2024\/01\/Karneval-djecja-eng.jpg","datePublished":"2023-12-28T10:29:43+00:00","breadcrumb":{"@id":"https:\/\/visitrijeka.hr\/es\/event\/djecja-karnevalska-povorka\/#breadcrumb"},"inLanguage":"es","potentialAction":[{"@type":"ReadAction","target":["https:\/\/visitrijeka.hr\/es\/event\/djecja-karnevalska-povorka\/"]}]},{"@type":"ImageObject","inLanguage":"es","@id":"https:\/\/visitrijeka.hr\/es\/event\/djecja-karnevalska-povorka\/#primaryimage","url":"https:\/\/visitrijeka.hr\/wp-content\/uploads\/2024\/01\/Karneval-djecja-eng.jpg","contentUrl":"https:\/\/visitrijeka.hr\/wp-content\/uploads\/2024\/01\/Karneval-djecja-eng.jpg","width":1200,"height":925,"caption":"Karneval dje\u010dja eng"},{"@type":"WebSite","@id":"https:\/\/visitrijeka.hr\/es\/#website","url":"https:\/\/visitrijeka.hr\/es\/","name":"Visit Rijeka","description":"Grad koji te\u010de....","publisher":{"@id":"https:\/\/visitrijeka.hr\/es\/#organization"},"potentialAction":[{"@type":"SearchAction","target":{"@type":"EntryPoint","urlTemplate":"https:\/\/visitrijeka.hr\/es\/?s={search_term_string}"},"query-input":{"@type":"PropertyValueSpecification","valueRequired":true,"valueName":"search_term_string"}}],"inLanguage":"es"},{"@type":"Organization","@id":"https:\/\/visitrijeka.hr\/es\/#organization","name":"Visit Rijeka","url":"https:\/\/visitrijeka.hr\/es\/","logo":{"@type":"ImageObject","inLanguage":"es","@id":"https:\/\/visitrijeka.hr\/es\/#\/schema\/logo\/image\/","url":"https:\/\/visitrijeka.hr\/wp-content\/uploads\/2023\/02\/Logo_Visit_rijeka_460.svg","contentUrl":"https:\/\/visitrijeka.hr\/wp-content\/uploads\/2023\/02\/Logo_Visit_rijeka_460.svg","width":100,"height":100,"caption":"Visit Rijeka"},"image":{"@id":"https:\/\/visitrijeka.hr\/es\/#\/schema\/logo\/image\/"},"sameAs":["https:\/\/www.facebook.com\/VisitRijeka"]}]}},"_links":{"self":[{"href":"https:\/\/visitrijeka.hr\/es\/wp-json\/wp\/v2\/tribe_events\/46738","targetHints":{"allow":["GET"]}}],"collection":[{"href":"https:\/\/visitrijeka.hr\/es\/wp-json\/wp\/v2\/tribe_events"}],"about":[{"href":"https:\/\/visitrijeka.hr\/es\/wp-json\/wp\/v2\/types\/tribe_events"}],"author":[{"embeddable":true,"href":"https:\/\/visitrijeka.hr\/es\/wp-json\/wp\/v2\/users\/1"}],"version-history":[{"count":0,"href":"https:\/\/visitrijeka.hr\/es\/wp-json\/wp\/v2\/tribe_events\/46738\/revisions"}],"wp:featuredmedia":[{"embeddable":true,"href":"https:\/\/visitrijeka.hr\/es\/wp-json\/wp\/v2\/media\/46695"}],"wp:attachment":[{"href":"https:\/\/visitrijeka.hr\/es\/wp-json\/wp\/v2\/media?parent=46738"}],"wp:term":[{"taxonomy":"post_tag","embeddable":true,"href":"https:\/\/visitrijeka.hr\/es\/wp-json\/wp\/v2\/tags?post=46738"},{"taxonomy":"tribe_events_cat","embeddable":true,"href":"https:\/\/visitrijeka.hr\/es\/wp-json\/wp\/v2\/tribe_events_cat?post=46738"}],"curies":[{"name":"wp","href":"https:\/\/api.w.org\/{rel}","templated":true}]}}

Dječja karnevalska povorka

<p>Dječja karnevalska povorka je karnevalski događaj u kojem sudjeluju najmlađe generacije iz zemlje i inozemstva, kada rijeka mališana u raznobojnoj maškaranoj povorci preplavi riječki Korzo.<br />
Bezbrojni likovi iz bajki i najljepša stvorenja iz mašte toga su dana glavna atrakcija Riječkog karnevala zbog kojih dolaze brojni posjetitelji iz cijelog svijeta.<br />
Maškarani klinci su garancija i obećanje da se karnevalska tradicija nikada neće zatrti na ovim prostorima nego da će vjekovima živjeti i prenositi duh maškaranja na slijedeće generacije, koje će znati cijeniti ostavštinu svojih predaka.</p>
<p>Dječja karnevalska povorka održat će se u subotu 27. siječnja 2024. godine s početkom u 13 sati u centru grada!</p>

<p>Dječja karnevalska povorka je karnevalski događaj u kojem sudjeluju najmlađe  [&#8230;]</p>

<!-- This site is optimized with the Yoast SEO plugin v26.3 - https://yoast.com/wordpress/plugins/seo/ -->
<title>Dječja karnevalska povorka - Visit Rijeka</title>
<meta name="robots" content="index, follow, max-snippet:-1, max-image-preview:large, max-video-preview:-1" />
<link rel="canonical" href="https://visitrijeka.hr/es/event/djecja-karnevalska-povorka/" />
<meta property="og:locale" content="es_ES" />
<meta property="og:type" content="article" />
<meta property="og:title" content="Dječja karnevalska povorka - Visit Rijeka" />
<meta property="og:description" content="Dječja karnevalska povorka je karnevalski događaj u kojem sudjeluju najmlađe [...]" />
<meta property="og:url" content="https://visitrijeka.hr/es/event/djecja-karnevalska-povorka/" />
<meta property="og:site_name" content="Visit Rijeka" />
<meta property="article:publisher" content="https://www.facebook.com/VisitRijeka" />
<meta name="twitter:card" content="summary_large_image" />
<meta name="twitter:label1" content="Tiempo de lectura" />
	<meta name="twitter:data1" content="1 minuto" />
<script type="application/ld+json" class="yoast-schema-graph">{"@context":"https://schema.org","@graph":[{"@type":"WebPage","@id":"https://visitrijeka.hr/es/event/djecja-karnevalska-povorka/","url":"https://visitrijeka.hr/es/event/djecja-karnevalska-povorka/","name":"Dječja karnevalska povorka - Visit Rijeka","isPartOf":{"@id":"https://visitrijeka.hr/es/#website"},"primaryImageOfPage":{"@id":"https://visitrijeka.hr/es/event/djecja-karnevalska-povorka/#primaryimage"},"image":{"@id":"https://visitrijeka.hr/es/event/djecja-karnevalska-povorka/#primaryimage"},"thumbnailUrl":"https://visitrijeka.hr/wp-content/uploads/2024/01/Karneval-djecja-eng.jpg","datePublished":"2023-12-28T10:29:43+00:00","breadcrumb":{"@id":"https://visitrijeka.hr/es/event/djecja-karnevalska-povorka/#breadcrumb"},"inLanguage":"es","potentialAction":[{"@type":"ReadAction","target":["https://visitrijeka.hr/es/event/djecja-karnevalska-povorka/"]}]},{"@type":"ImageObject","inLanguage":"es","@id":"https://visitrijeka.hr/es/event/djecja-karnevalska-povorka/#primaryimage","url":"https://visitrijeka.hr/wp-content/uploads/2024/01/Karneval-djecja-eng.jpg","contentUrl":"https://visitrijeka.hr/wp-content/uploads/2024/01/Karneval-djecja-eng.jpg","width":1200,"height":925,"caption":"Karneval dječja eng"},{"@type":"WebSite","@id":"https://visitrijeka.hr/es/#website","url":"https://visitrijeka.hr/es/","name":"Visit Rijeka","description":"Grad koji teče....","publisher":{"@id":"https://visitrijeka.hr/es/#organization"},"potentialAction":[{"@type":"SearchAction","target":{"@type":"EntryPoint","urlTemplate":"https://visitrijeka.hr/es/?s={search_term_string}"},"query-input":{"@type":"PropertyValueSpecification","valueRequired":true,"valueName":"search_term_string"}}],"inLanguage":"es"},{"@type":"Organization","@id":"https://visitrijeka.hr/es/#organization","name":"Visit Rijeka","url":"https://visitrijeka.hr/es/","logo":{"@type":"ImageObject","inLanguage":"es","@id":"https://visitrijeka.hr/es/#/schema/logo/image/","url":"https://visitrijeka.hr/wp-content/uploads/2023/02/Logo_Visit_rijeka_460.svg","contentUrl":"https://visitrijeka.hr/wp-content/uploads/2023/02/Logo_Visit_rijeka_460.svg","width":100,"height":100,"caption":"Visit Rijeka"},"image":{"@id":"https://visitrijeka.hr/es/#/schema/logo/image/"},"sameAs":["https://www.facebook.com/VisitRijeka"]}]}</script>
<!-- / Yoast SEO plugin. -->

Dječja karnevalska povorka - Visit Rijeka

Dječja karnevalska povorka je karnevalski događaj u kojem sudjeluju najmlađe [...]

Karneval dječja eng

Grad koji teče....
