{"id":35873,"date":"2023-05-18T14:46:54","date_gmt":"2023-05-18T12:46:54","guid":{"rendered":"https:\/\/visitrijeka.hr\/event\/32-jazztimerijeka-festival\/"},"modified":"2023-05-18T14:46:54","modified_gmt":"2023-05-18T12:46:54","slug":"32-jazztimerijeka-festival","status":"publish","type":"tribe_events","link":"https:\/\/visitrijeka.hr\/es\/event\/32-jazztimerijeka-festival\/","title":{"rendered":"32. JazzTimeRijeka Festival"},"content":{"rendered":"<p>Rambo Amadeus, XYQuartet i Joscho Stephan Trio headlineri su 32. JazzTimeRijeka Festivala<\/p>\n<p>Me\u0111unarodni jazz festival JazzTimeRijeka predstavio je headlinere svog 32. izdanja. Na premijerni nastup na festivalu sti\u017ee nam svjetski mega car Rambo Amadeus, a tu su i predvodnici nove talijanske jazz scene XYQuartet, te njema\u010dki gypsy swing gitarista Joscho Stephan sa svojim triom.<\/p>\n<p>Nastavljaju\u0107i dugogodi\u0161nju tradiciju njegovanja jazz izri\u010daja, JazzTimeRijeka festival i ove \u0107e godine, 32. put za redom, otvoriti svoja vrata na radost svih ljubitelja vrhunske glazbe i predstaviti u svom programu glazbenike koje povezuje ljubav prema jazzu i \u201cgradu koji te\u010de\u201d. Programi, dnevni i ve\u010dernji, odr\u017eavat \u0107e se na Trsatskoj Gradini.<\/p>\n<p>Kao i svake godine organizatori festivala pripremaju i dnevne programe, kroz koje \u0107e se na Trsatskoj Gradini predstaviti rije\u010dka jazz scena. Program dnevnih koncerata biti \u0107e objavljen uskoro.<\/p>\n","protected":false},"excerpt":{"rendered":"<p>Rambo Amadeus, XYQuartet i Joscho Stephan Trio headlineri su 32.  [&#8230;]<\/p>\n","protected":false},"author":3,"featured_media":21622,"template":"","meta":{"_acf_changed":false,"inline_featured_image":false,"_tribe_events_status":"","_tribe_events_status_reason":"","_tribe_events_is_hybrid":"","_tribe_events_is_virtual":"","_tribe_events_virtual_video_source":"","_tribe_events_virtual_embed_video":"","_tribe_events_virtual_linked_button_text":"","_tribe_events_virtual_linked_button":"","_tribe_events_virtual_show_embed_at":"","_tribe_events_virtual_show_embed_to":[],"_tribe_events_virtual_show_on_event":"","_tribe_events_virtual_show_on_views":"","_tribe_events_virtual_url":"","footnotes":""},"tags":[],"tribe_events_cat":[1119],"class_list":["post-35873","tribe_events","type-tribe_events","status-publish","has-post-thumbnail","hentry","tribe_events_cat-entretenimiento","cat_entretenimiento"],"acf":[],"yoast_head":"<!-- This site is optimized with the Yoast SEO plugin v26.3 - https:\/\/yoast.com\/wordpress\/plugins\/seo\/ -->\n<title>32. JazzTimeRijeka Festival - Visit Rijeka<\/title>\n<meta name=\"robots\" content=\"index, follow, max-snippet:-1, max-image-preview:large, max-video-preview:-1\" \/>\n<link rel=\"canonical\" href=\"https:\/\/visitrijeka.hr\/es\/event\/32-jazztimerijeka-festival\/\" \/>\n<meta property=\"og:locale\" content=\"es_ES\" \/>\n<meta property=\"og:type\" content=\"article\" \/>\n<meta property=\"og:title\" content=\"32. JazzTimeRijeka Festival - Visit Rijeka\" \/>\n<meta property=\"og:description\" content=\"Rambo Amadeus, XYQuartet i Joscho Stephan Trio headlineri su 32. [...]\" \/>\n<meta property=\"og:url\" content=\"https:\/\/visitrijeka.hr\/es\/event\/32-jazztimerijeka-festival\/\" \/>\n<meta property=\"og:site_name\" content=\"Visit Rijeka\" \/>\n<meta property=\"article:publisher\" content=\"https:\/\/www.facebook.com\/VisitRijeka\" \/>\n<meta name=\"twitter:card\" content=\"summary_large_image\" \/>\n<meta name=\"twitter:label1\" content=\"Tiempo de lectura\" \/>\n\t<meta name=\"twitter:data1\" content=\"1 minuto\" \/>\n<script type=\"application\/ld+json\" class=\"yoast-schema-graph\">{\"@context\":\"https:\/\/schema.org\",\"@graph\":[{\"@type\":\"WebPage\",\"@id\":\"https:\/\/visitrijeka.hr\/es\/event\/32-jazztimerijeka-festival\/\",\"url\":\"https:\/\/visitrijeka.hr\/es\/event\/32-jazztimerijeka-festival\/\",\"name\":\"32. JazzTimeRijeka Festival - Visit Rijeka\",\"isPartOf\":{\"@id\":\"https:\/\/visitrijeka.hr\/es\/#website\"},\"primaryImageOfPage\":{\"@id\":\"https:\/\/visitrijeka.hr\/es\/event\/32-jazztimerijeka-festival\/#primaryimage\"},\"image\":{\"@id\":\"https:\/\/visitrijeka.hr\/es\/event\/32-jazztimerijeka-festival\/#primaryimage\"},\"thumbnailUrl\":\"https:\/\/visitrijeka.hr\/wp-content\/uploads\/2023\/05\/naslovna-fotografija-32.-JazzTimeRijeka-festivala.jpg\",\"datePublished\":\"2023-05-18T12:46:54+00:00\",\"breadcrumb\":{\"@id\":\"https:\/\/visitrijeka.hr\/es\/event\/32-jazztimerijeka-festival\/#breadcrumb\"},\"inLanguage\":\"es\",\"potentialAction\":[{\"@type\":\"ReadAction\",\"target\":[\"https:\/\/visitrijeka.hr\/es\/event\/32-jazztimerijeka-festival\/\"]}]},{\"@type\":\"ImageObject\",\"inLanguage\":\"es\",\"@id\":\"https:\/\/visitrijeka.hr\/es\/event\/32-jazztimerijeka-festival\/#primaryimage\",\"url\":\"https:\/\/visitrijeka.hr\/wp-content\/uploads\/2023\/05\/naslovna-fotografija-32.-JazzTimeRijeka-festivala.jpg\",\"contentUrl\":\"https:\/\/visitrijeka.hr\/wp-content\/uploads\/2023\/05\/naslovna-fotografija-32.-JazzTimeRijeka-festivala.jpg\",\"width\":1500,\"height\":1000},{\"@type\":\"WebSite\",\"@id\":\"https:\/\/visitrijeka.hr\/es\/#website\",\"url\":\"https:\/\/visitrijeka.hr\/es\/\",\"name\":\"Visit Rijeka\",\"description\":\"Grad koji te\u010de....\",\"publisher\":{\"@id\":\"https:\/\/visitrijeka.hr\/es\/#organization\"},\"potentialAction\":[{\"@type\":\"SearchAction\",\"target\":{\"@type\":\"EntryPoint\",\"urlTemplate\":\"https:\/\/visitrijeka.hr\/es\/?s={search_term_string}\"},\"query-input\":{\"@type\":\"PropertyValueSpecification\",\"valueRequired\":true,\"valueName\":\"search_term_string\"}}],\"inLanguage\":\"es\"},{\"@type\":\"Organization\",\"@id\":\"https:\/\/visitrijeka.hr\/es\/#organization\",\"name\":\"Visit Rijeka\",\"url\":\"https:\/\/visitrijeka.hr\/es\/\",\"logo\":{\"@type\":\"ImageObject\",\"inLanguage\":\"es\",\"@id\":\"https:\/\/visitrijeka.hr\/es\/#\/schema\/logo\/image\/\",\"url\":\"https:\/\/visitrijeka.hr\/wp-content\/uploads\/2023\/02\/Logo_Visit_rijeka_460.svg\",\"contentUrl\":\"https:\/\/visitrijeka.hr\/wp-content\/uploads\/2023\/02\/Logo_Visit_rijeka_460.svg\",\"width\":100,\"height\":100,\"caption\":\"Visit Rijeka\"},\"image\":{\"@id\":\"https:\/\/visitrijeka.hr\/es\/#\/schema\/logo\/image\/\"},\"sameAs\":[\"https:\/\/www.facebook.com\/VisitRijeka\"]}]}<\/script>\n<!-- \/ Yoast SEO plugin. -->","yoast_head_json":{"title":"32. JazzTimeRijeka Festival - Visit Rijeka","robots":{"index":"index","follow":"follow","max-snippet":"max-snippet:-1","max-image-preview":"max-image-preview:large","max-video-preview":"max-video-preview:-1"},"canonical":"https:\/\/visitrijeka.hr\/es\/event\/32-jazztimerijeka-festival\/","og_locale":"es_ES","og_type":"article","og_title":"32. JazzTimeRijeka Festival - Visit Rijeka","og_description":"Rambo Amadeus, XYQuartet i Joscho Stephan Trio headlineri su 32. [...]","og_url":"https:\/\/visitrijeka.hr\/es\/event\/32-jazztimerijeka-festival\/","og_site_name":"Visit Rijeka","article_publisher":"https:\/\/www.facebook.com\/VisitRijeka","twitter_card":"summary_large_image","twitter_misc":{"Tiempo de lectura":"1 minuto"},"schema":{"@context":"https:\/\/schema.org","@graph":[{"@type":"WebPage","@id":"https:\/\/visitrijeka.hr\/es\/event\/32-jazztimerijeka-festival\/","url":"https:\/\/visitrijeka.hr\/es\/event\/32-jazztimerijeka-festival\/","name":"32. JazzTimeRijeka Festival - Visit Rijeka","isPartOf":{"@id":"https:\/\/visitrijeka.hr\/es\/#website"},"primaryImageOfPage":{"@id":"https:\/\/visitrijeka.hr\/es\/event\/32-jazztimerijeka-festival\/#primaryimage"},"image":{"@id":"https:\/\/visitrijeka.hr\/es\/event\/32-jazztimerijeka-festival\/#primaryimage"},"thumbnailUrl":"https:\/\/visitrijeka.hr\/wp-content\/uploads\/2023\/05\/naslovna-fotografija-32.-JazzTimeRijeka-festivala.jpg","datePublished":"2023-05-18T12:46:54+00:00","breadcrumb":{"@id":"https:\/\/visitrijeka.hr\/es\/event\/32-jazztimerijeka-festival\/#breadcrumb"},"inLanguage":"es","potentialAction":[{"@type":"ReadAction","target":["https:\/\/visitrijeka.hr\/es\/event\/32-jazztimerijeka-festival\/"]}]},{"@type":"ImageObject","inLanguage":"es","@id":"https:\/\/visitrijeka.hr\/es\/event\/32-jazztimerijeka-festival\/#primaryimage","url":"https:\/\/visitrijeka.hr\/wp-content\/uploads\/2023\/05\/naslovna-fotografija-32.-JazzTimeRijeka-festivala.jpg","contentUrl":"https:\/\/visitrijeka.hr\/wp-content\/uploads\/2023\/05\/naslovna-fotografija-32.-JazzTimeRijeka-festivala.jpg","width":1500,"height":1000},{"@type":"WebSite","@id":"https:\/\/visitrijeka.hr\/es\/#website","url":"https:\/\/visitrijeka.hr\/es\/","name":"Visit Rijeka","description":"Grad koji te\u010de....","publisher":{"@id":"https:\/\/visitrijeka.hr\/es\/#organization"},"potentialAction":[{"@type":"SearchAction","target":{"@type":"EntryPoint","urlTemplate":"https:\/\/visitrijeka.hr\/es\/?s={search_term_string}"},"query-input":{"@type":"PropertyValueSpecification","valueRequired":true,"valueName":"search_term_string"}}],"inLanguage":"es"},{"@type":"Organization","@id":"https:\/\/visitrijeka.hr\/es\/#organization","name":"Visit Rijeka","url":"https:\/\/visitrijeka.hr\/es\/","logo":{"@type":"ImageObject","inLanguage":"es","@id":"https:\/\/visitrijeka.hr\/es\/#\/schema\/logo\/image\/","url":"https:\/\/visitrijeka.hr\/wp-content\/uploads\/2023\/02\/Logo_Visit_rijeka_460.svg","contentUrl":"https:\/\/visitrijeka.hr\/wp-content\/uploads\/2023\/02\/Logo_Visit_rijeka_460.svg","width":100,"height":100,"caption":"Visit Rijeka"},"image":{"@id":"https:\/\/visitrijeka.hr\/es\/#\/schema\/logo\/image\/"},"sameAs":["https:\/\/www.facebook.com\/VisitRijeka"]}]}},"_links":{"self":[{"href":"https:\/\/visitrijeka.hr\/es\/wp-json\/wp\/v2\/tribe_events\/35873","targetHints":{"allow":["GET"]}}],"collection":[{"href":"https:\/\/visitrijeka.hr\/es\/wp-json\/wp\/v2\/tribe_events"}],"about":[{"href":"https:\/\/visitrijeka.hr\/es\/wp-json\/wp\/v2\/types\/tribe_events"}],"author":[{"embeddable":true,"href":"https:\/\/visitrijeka.hr\/es\/wp-json\/wp\/v2\/users\/3"}],"version-history":[{"count":0,"href":"https:\/\/visitrijeka.hr\/es\/wp-json\/wp\/v2\/tribe_events\/35873\/revisions"}],"wp:featuredmedia":[{"embeddable":true,"href":"https:\/\/visitrijeka.hr\/es\/wp-json\/wp\/v2\/media\/21622"}],"wp:attachment":[{"href":"https:\/\/visitrijeka.hr\/es\/wp-json\/wp\/v2\/media?parent=35873"}],"wp:term":[{"taxonomy":"post_tag","embeddable":true,"href":"https:\/\/visitrijeka.hr\/es\/wp-json\/wp\/v2\/tags?post=35873"},{"taxonomy":"tribe_events_cat","embeddable":true,"href":"https:\/\/visitrijeka.hr\/es\/wp-json\/wp\/v2\/tribe_events_cat?post=35873"}],"curies":[{"name":"wp","href":"https:\/\/api.w.org\/{rel}","templated":true}]}}

<p>Rambo Amadeus, XYQuartet i Joscho Stephan Trio headlineri su 32. JazzTimeRijeka Festivala</p>
<p>Međunarodni jazz festival JazzTimeRijeka predstavio je headlinere svog 32. izdanja. Na premijerni nastup na festivalu stiže nam svjetski mega car Rambo Amadeus, a tu su i predvodnici nove talijanske jazz scene XYQuartet, te njemački gypsy swing gitarista Joscho Stephan sa svojim triom.</p>
<p>Nastavljajući dugogodišnju tradiciju njegovanja jazz izričaja, JazzTimeRijeka festival i ove će godine, 32. put za redom, otvoriti svoja vrata na radost svih ljubitelja vrhunske glazbe i predstaviti u svom programu glazbenike koje povezuje ljubav prema jazzu i “gradu koji teče”. Programi, dnevni i večernji, održavat će se na Trsatskoj Gradini.</p>
<p>Kao i svake godine organizatori festivala pripremaju i dnevne programe, kroz koje će se na Trsatskoj Gradini predstaviti riječka jazz scena. Program dnevnih koncerata biti će objavljen uskoro.</p>

<!-- This site is optimized with the Yoast SEO plugin v26.3 - https://yoast.com/wordpress/plugins/seo/ -->
<title>32. JazzTimeRijeka Festival - Visit Rijeka</title>
<meta name="robots" content="index, follow, max-snippet:-1, max-image-preview:large, max-video-preview:-1" />
<link rel="canonical" href="https://visitrijeka.hr/es/event/32-jazztimerijeka-festival/" />
<meta property="og:locale" content="es_ES" />
<meta property="og:type" content="article" />
<meta property="og:title" content="32. JazzTimeRijeka Festival - Visit Rijeka" />
<meta property="og:description" content="Rambo Amadeus, XYQuartet i Joscho Stephan Trio headlineri su 32. [...]" />
<meta property="og:url" content="https://visitrijeka.hr/es/event/32-jazztimerijeka-festival/" />
<meta property="og:site_name" content="Visit Rijeka" />
<meta property="article:publisher" content="https://www.facebook.com/VisitRijeka" />
<meta name="twitter:card" content="summary_large_image" />
<meta name="twitter:label1" content="Tiempo de lectura" />
	<meta name="twitter:data1" content="1 minuto" />
<script type="application/ld+json" class="yoast-schema-graph">{"@context":"https://schema.org","@graph":[{"@type":"WebPage","@id":"https://visitrijeka.hr/es/event/32-jazztimerijeka-festival/","url":"https://visitrijeka.hr/es/event/32-jazztimerijeka-festival/","name":"32. JazzTimeRijeka Festival - Visit Rijeka","isPartOf":{"@id":"https://visitrijeka.hr/es/#website"},"primaryImageOfPage":{"@id":"https://visitrijeka.hr/es/event/32-jazztimerijeka-festival/#primaryimage"},"image":{"@id":"https://visitrijeka.hr/es/event/32-jazztimerijeka-festival/#primaryimage"},"thumbnailUrl":"https://visitrijeka.hr/wp-content/uploads/2023/05/naslovna-fotografija-32.-JazzTimeRijeka-festivala.jpg","datePublished":"2023-05-18T12:46:54+00:00","breadcrumb":{"@id":"https://visitrijeka.hr/es/event/32-jazztimerijeka-festival/#breadcrumb"},"inLanguage":"es","potentialAction":[{"@type":"ReadAction","target":["https://visitrijeka.hr/es/event/32-jazztimerijeka-festival/"]}]},{"@type":"ImageObject","inLanguage":"es","@id":"https://visitrijeka.hr/es/event/32-jazztimerijeka-festival/#primaryimage","url":"https://visitrijeka.hr/wp-content/uploads/2023/05/naslovna-fotografija-32.-JazzTimeRijeka-festivala.jpg","contentUrl":"https://visitrijeka.hr/wp-content/uploads/2023/05/naslovna-fotografija-32.-JazzTimeRijeka-festivala.jpg","width":1500,"height":1000},{"@type":"WebSite","@id":"https://visitrijeka.hr/es/#website","url":"https://visitrijeka.hr/es/","name":"Visit Rijeka","description":"Grad koji teče....","publisher":{"@id":"https://visitrijeka.hr/es/#organization"},"potentialAction":[{"@type":"SearchAction","target":{"@type":"EntryPoint","urlTemplate":"https://visitrijeka.hr/es/?s={search_term_string}"},"query-input":{"@type":"PropertyValueSpecification","valueRequired":true,"valueName":"search_term_string"}}],"inLanguage":"es"},{"@type":"Organization","@id":"https://visitrijeka.hr/es/#organization","name":"Visit Rijeka","url":"https://visitrijeka.hr/es/","logo":{"@type":"ImageObject","inLanguage":"es","@id":"https://visitrijeka.hr/es/#/schema/logo/image/","url":"https://visitrijeka.hr/wp-content/uploads/2023/02/Logo_Visit_rijeka_460.svg","contentUrl":"https://visitrijeka.hr/wp-content/uploads/2023/02/Logo_Visit_rijeka_460.svg","width":100,"height":100,"caption":"Visit Rijeka"},"image":{"@id":"https://visitrijeka.hr/es/#/schema/logo/image/"},"sameAs":["https://www.facebook.com/VisitRijeka"]}]}</script>
<!-- / Yoast SEO plugin. -->

Grad koji teče....
