{"id":35738,"date":"2023-06-12T13:35:48","date_gmt":"2023-06-12T11:35:48","guid":{"rendered":"https:\/\/visitrijeka.hr\/event\/u-dodiru-s-jadranom\/"},"modified":"2023-06-12T13:35:48","modified_gmt":"2023-06-12T11:35:48","slug":"u-dodiru-s-jadranom","status":"publish","type":"tribe_events","link":"https:\/\/visitrijeka.hr\/es\/event\/u-dodiru-s-jadranom\/","title":{"rendered":"U dodiru s Jadranom"},"content":{"rendered":"<p>U organizaciji Antonia Kiseli\u0107a Ledinskog, ove \u0107e se godine 6.7. na pla\u017ei Kantrida (beach bar Prasovski) odr\u017eati veganska gastro manifestacija \u201cU dodiru s Jadranom\u201d. Ljubitelji makrobioti\u010dke i veganske hrane, po povoljnim cijenama, mo\u0107i \u0107e tako po povoljnim cijenama u\u017eivati u posebno pripravljenim jelovnicima uz glazbeni progam lokalnih rije\u010dkih dj-a, u okviru glazbenog programa \u201cSix Martinis and a Blow Job\u201d, poznatog LBTIQ zajednici.<\/p>\n","protected":false},"excerpt":{"rendered":"<p>U organizaciji Antonia Kiseli\u0107a Ledinskog, ove \u0107e se godine 6.7.  [&#8230;]<\/p>\n","protected":false},"author":1,"featured_media":31330,"template":"","meta":{"_acf_changed":false,"inline_featured_image":false,"_tribe_events_status":"","_tribe_events_status_reason":"","_tribe_events_is_hybrid":"","_tribe_events_is_virtual":"","_tribe_events_virtual_video_source":"","_tribe_events_virtual_embed_video":"","_tribe_events_virtual_linked_button_text":"","_tribe_events_virtual_linked_button":"","_tribe_events_virtual_show_embed_at":"","_tribe_events_virtual_show_embed_to":[],"_tribe_events_virtual_show_on_event":"","_tribe_events_virtual_show_on_views":"","_tribe_events_virtual_url":"","footnotes":""},"tags":[],"tribe_events_cat":[1119,1104],"class_list":["post-35738","tribe_events","type-tribe_events","status-publish","has-post-thumbnail","hentry","tribe_events_cat-entretenimiento","tribe_events_cat-gastro-es","cat_entretenimiento","cat_gastro-es"],"acf":[],"yoast_head":"<!-- This site is optimized with the Yoast SEO plugin v26.3 - https:\/\/yoast.com\/wordpress\/plugins\/seo\/ -->\n<title>U dodiru s Jadranom - Visit Rijeka<\/title>\n<meta name=\"robots\" content=\"index, follow, max-snippet:-1, max-image-preview:large, max-video-preview:-1\" \/>\n<link rel=\"canonical\" href=\"https:\/\/visitrijeka.hr\/es\/event\/u-dodiru-s-jadranom\/\" \/>\n<meta property=\"og:locale\" content=\"es_ES\" \/>\n<meta property=\"og:type\" content=\"article\" \/>\n<meta property=\"og:title\" content=\"U dodiru s Jadranom - Visit Rijeka\" \/>\n<meta property=\"og:description\" content=\"U organizaciji Antonia Kiseli\u0107a Ledinskog, ove \u0107e se godine 6.7. [...]\" \/>\n<meta property=\"og:url\" content=\"https:\/\/visitrijeka.hr\/es\/event\/u-dodiru-s-jadranom\/\" \/>\n<meta property=\"og:site_name\" content=\"Visit Rijeka\" \/>\n<meta property=\"article:publisher\" content=\"https:\/\/www.facebook.com\/VisitRijeka\" \/>\n<meta name=\"twitter:card\" content=\"summary_large_image\" \/>\n<script type=\"application\/ld+json\" class=\"yoast-schema-graph\">{\"@context\":\"https:\/\/schema.org\",\"@graph\":[{\"@type\":\"WebPage\",\"@id\":\"https:\/\/visitrijeka.hr\/es\/event\/u-dodiru-s-jadranom\/\",\"url\":\"https:\/\/visitrijeka.hr\/es\/event\/u-dodiru-s-jadranom\/\",\"name\":\"U dodiru s Jadranom - Visit Rijeka\",\"isPartOf\":{\"@id\":\"https:\/\/visitrijeka.hr\/es\/#website\"},\"primaryImageOfPage\":{\"@id\":\"https:\/\/visitrijeka.hr\/es\/event\/u-dodiru-s-jadranom\/#primaryimage\"},\"image\":{\"@id\":\"https:\/\/visitrijeka.hr\/es\/event\/u-dodiru-s-jadranom\/#primaryimage\"},\"thumbnailUrl\":\"https:\/\/visitrijeka.hr\/wp-content\/uploads\/2023\/06\/Ljeto-na-kantridi-2023-2.jpg\",\"datePublished\":\"2023-06-12T11:35:48+00:00\",\"breadcrumb\":{\"@id\":\"https:\/\/visitrijeka.hr\/es\/event\/u-dodiru-s-jadranom\/#breadcrumb\"},\"inLanguage\":\"es\",\"potentialAction\":[{\"@type\":\"ReadAction\",\"target\":[\"https:\/\/visitrijeka.hr\/es\/event\/u-dodiru-s-jadranom\/\"]}]},{\"@type\":\"ImageObject\",\"inLanguage\":\"es\",\"@id\":\"https:\/\/visitrijeka.hr\/es\/event\/u-dodiru-s-jadranom\/#primaryimage\",\"url\":\"https:\/\/visitrijeka.hr\/wp-content\/uploads\/2023\/06\/Ljeto-na-kantridi-2023-2.jpg\",\"contentUrl\":\"https:\/\/visitrijeka.hr\/wp-content\/uploads\/2023\/06\/Ljeto-na-kantridi-2023-2.jpg\",\"width\":820,\"height\":360},{\"@type\":\"WebSite\",\"@id\":\"https:\/\/visitrijeka.hr\/es\/#website\",\"url\":\"https:\/\/visitrijeka.hr\/es\/\",\"name\":\"Visit Rijeka\",\"description\":\"Grad koji te\u010de....\",\"publisher\":{\"@id\":\"https:\/\/visitrijeka.hr\/es\/#organization\"},\"potentialAction\":[{\"@type\":\"SearchAction\",\"target\":{\"@type\":\"EntryPoint\",\"urlTemplate\":\"https:\/\/visitrijeka.hr\/es\/?s={search_term_string}\"},\"query-input\":{\"@type\":\"PropertyValueSpecification\",\"valueRequired\":true,\"valueName\":\"search_term_string\"}}],\"inLanguage\":\"es\"},{\"@type\":\"Organization\",\"@id\":\"https:\/\/visitrijeka.hr\/es\/#organization\",\"name\":\"Visit Rijeka\",\"url\":\"https:\/\/visitrijeka.hr\/es\/\",\"logo\":{\"@type\":\"ImageObject\",\"inLanguage\":\"es\",\"@id\":\"https:\/\/visitrijeka.hr\/es\/#\/schema\/logo\/image\/\",\"url\":\"https:\/\/visitrijeka.hr\/wp-content\/uploads\/2023\/02\/Logo_Visit_rijeka_460.svg\",\"contentUrl\":\"https:\/\/visitrijeka.hr\/wp-content\/uploads\/2023\/02\/Logo_Visit_rijeka_460.svg\",\"width\":100,\"height\":100,\"caption\":\"Visit Rijeka\"},\"image\":{\"@id\":\"https:\/\/visitrijeka.hr\/es\/#\/schema\/logo\/image\/\"},\"sameAs\":[\"https:\/\/www.facebook.com\/VisitRijeka\"]}]}<\/script>\n<!-- \/ Yoast SEO plugin. -->","yoast_head_json":{"title":"U dodiru s Jadranom - Visit Rijeka","robots":{"index":"index","follow":"follow","max-snippet":"max-snippet:-1","max-image-preview":"max-image-preview:large","max-video-preview":"max-video-preview:-1"},"canonical":"https:\/\/visitrijeka.hr\/es\/event\/u-dodiru-s-jadranom\/","og_locale":"es_ES","og_type":"article","og_title":"U dodiru s Jadranom - Visit Rijeka","og_description":"U organizaciji Antonia Kiseli\u0107a Ledinskog, ove \u0107e se godine 6.7. [...]","og_url":"https:\/\/visitrijeka.hr\/es\/event\/u-dodiru-s-jadranom\/","og_site_name":"Visit Rijeka","article_publisher":"https:\/\/www.facebook.com\/VisitRijeka","twitter_card":"summary_large_image","schema":{"@context":"https:\/\/schema.org","@graph":[{"@type":"WebPage","@id":"https:\/\/visitrijeka.hr\/es\/event\/u-dodiru-s-jadranom\/","url":"https:\/\/visitrijeka.hr\/es\/event\/u-dodiru-s-jadranom\/","name":"U dodiru s Jadranom - Visit Rijeka","isPartOf":{"@id":"https:\/\/visitrijeka.hr\/es\/#website"},"primaryImageOfPage":{"@id":"https:\/\/visitrijeka.hr\/es\/event\/u-dodiru-s-jadranom\/#primaryimage"},"image":{"@id":"https:\/\/visitrijeka.hr\/es\/event\/u-dodiru-s-jadranom\/#primaryimage"},"thumbnailUrl":"https:\/\/visitrijeka.hr\/wp-content\/uploads\/2023\/06\/Ljeto-na-kantridi-2023-2.jpg","datePublished":"2023-06-12T11:35:48+00:00","breadcrumb":{"@id":"https:\/\/visitrijeka.hr\/es\/event\/u-dodiru-s-jadranom\/#breadcrumb"},"inLanguage":"es","potentialAction":[{"@type":"ReadAction","target":["https:\/\/visitrijeka.hr\/es\/event\/u-dodiru-s-jadranom\/"]}]},{"@type":"ImageObject","inLanguage":"es","@id":"https:\/\/visitrijeka.hr\/es\/event\/u-dodiru-s-jadranom\/#primaryimage","url":"https:\/\/visitrijeka.hr\/wp-content\/uploads\/2023\/06\/Ljeto-na-kantridi-2023-2.jpg","contentUrl":"https:\/\/visitrijeka.hr\/wp-content\/uploads\/2023\/06\/Ljeto-na-kantridi-2023-2.jpg","width":820,"height":360},{"@type":"WebSite","@id":"https:\/\/visitrijeka.hr\/es\/#website","url":"https:\/\/visitrijeka.hr\/es\/","name":"Visit Rijeka","description":"Grad koji te\u010de....","publisher":{"@id":"https:\/\/visitrijeka.hr\/es\/#organization"},"potentialAction":[{"@type":"SearchAction","target":{"@type":"EntryPoint","urlTemplate":"https:\/\/visitrijeka.hr\/es\/?s={search_term_string}"},"query-input":{"@type":"PropertyValueSpecification","valueRequired":true,"valueName":"search_term_string"}}],"inLanguage":"es"},{"@type":"Organization","@id":"https:\/\/visitrijeka.hr\/es\/#organization","name":"Visit Rijeka","url":"https:\/\/visitrijeka.hr\/es\/","logo":{"@type":"ImageObject","inLanguage":"es","@id":"https:\/\/visitrijeka.hr\/es\/#\/schema\/logo\/image\/","url":"https:\/\/visitrijeka.hr\/wp-content\/uploads\/2023\/02\/Logo_Visit_rijeka_460.svg","contentUrl":"https:\/\/visitrijeka.hr\/wp-content\/uploads\/2023\/02\/Logo_Visit_rijeka_460.svg","width":100,"height":100,"caption":"Visit Rijeka"},"image":{"@id":"https:\/\/visitrijeka.hr\/es\/#\/schema\/logo\/image\/"},"sameAs":["https:\/\/www.facebook.com\/VisitRijeka"]}]}},"_links":{"self":[{"href":"https:\/\/visitrijeka.hr\/es\/wp-json\/wp\/v2\/tribe_events\/35738","targetHints":{"allow":["GET"]}}],"collection":[{"href":"https:\/\/visitrijeka.hr\/es\/wp-json\/wp\/v2\/tribe_events"}],"about":[{"href":"https:\/\/visitrijeka.hr\/es\/wp-json\/wp\/v2\/types\/tribe_events"}],"author":[{"embeddable":true,"href":"https:\/\/visitrijeka.hr\/es\/wp-json\/wp\/v2\/users\/1"}],"version-history":[{"count":0,"href":"https:\/\/visitrijeka.hr\/es\/wp-json\/wp\/v2\/tribe_events\/35738\/revisions"}],"wp:featuredmedia":[{"embeddable":true,"href":"https:\/\/visitrijeka.hr\/es\/wp-json\/wp\/v2\/media\/31330"}],"wp:attachment":[{"href":"https:\/\/visitrijeka.hr\/es\/wp-json\/wp\/v2\/media?parent=35738"}],"wp:term":[{"taxonomy":"post_tag","embeddable":true,"href":"https:\/\/visitrijeka.hr\/es\/wp-json\/wp\/v2\/tags?post=35738"},{"taxonomy":"tribe_events_cat","embeddable":true,"href":"https:\/\/visitrijeka.hr\/es\/wp-json\/wp\/v2\/tribe_events_cat?post=35738"}],"curies":[{"name":"wp","href":"https:\/\/api.w.org\/{rel}","templated":true}]}}

<p>U organizaciji Antonia Kiselića Ledinskog, ove će se godine 6.7. na plaži Kantrida (beach bar Prasovski) održati veganska gastro manifestacija “U dodiru s Jadranom”. Ljubitelji makrobiotičke i veganske hrane, po povoljnim cijenama, moći će tako po povoljnim cijenama uživati u posebno pripravljenim jelovnicima uz glazbeni progam lokalnih riječkih dj-a, u okviru glazbenog programa “Six Martinis and a Blow Job”, poznatog LBTIQ zajednici.</p>

<p>U organizaciji Antonia Kiselića Ledinskog, ove će se godine 6.7.  [&#8230;]</p>

<!-- This site is optimized with the Yoast SEO plugin v26.3 - https://yoast.com/wordpress/plugins/seo/ -->
<title>U dodiru s Jadranom - Visit Rijeka</title>
<meta name="robots" content="index, follow, max-snippet:-1, max-image-preview:large, max-video-preview:-1" />
<link rel="canonical" href="https://visitrijeka.hr/es/event/u-dodiru-s-jadranom/" />
<meta property="og:locale" content="es_ES" />
<meta property="og:type" content="article" />
<meta property="og:title" content="U dodiru s Jadranom - Visit Rijeka" />
<meta property="og:description" content="U organizaciji Antonia Kiselića Ledinskog, ove će se godine 6.7. [...]" />
<meta property="og:url" content="https://visitrijeka.hr/es/event/u-dodiru-s-jadranom/" />
<meta property="og:site_name" content="Visit Rijeka" />
<meta property="article:publisher" content="https://www.facebook.com/VisitRijeka" />
<meta name="twitter:card" content="summary_large_image" />
<script type="application/ld+json" class="yoast-schema-graph">{"@context":"https://schema.org","@graph":[{"@type":"WebPage","@id":"https://visitrijeka.hr/es/event/u-dodiru-s-jadranom/","url":"https://visitrijeka.hr/es/event/u-dodiru-s-jadranom/","name":"U dodiru s Jadranom - Visit Rijeka","isPartOf":{"@id":"https://visitrijeka.hr/es/#website"},"primaryImageOfPage":{"@id":"https://visitrijeka.hr/es/event/u-dodiru-s-jadranom/#primaryimage"},"image":{"@id":"https://visitrijeka.hr/es/event/u-dodiru-s-jadranom/#primaryimage"},"thumbnailUrl":"https://visitrijeka.hr/wp-content/uploads/2023/06/Ljeto-na-kantridi-2023-2.jpg","datePublished":"2023-06-12T11:35:48+00:00","breadcrumb":{"@id":"https://visitrijeka.hr/es/event/u-dodiru-s-jadranom/#breadcrumb"},"inLanguage":"es","potentialAction":[{"@type":"ReadAction","target":["https://visitrijeka.hr/es/event/u-dodiru-s-jadranom/"]}]},{"@type":"ImageObject","inLanguage":"es","@id":"https://visitrijeka.hr/es/event/u-dodiru-s-jadranom/#primaryimage","url":"https://visitrijeka.hr/wp-content/uploads/2023/06/Ljeto-na-kantridi-2023-2.jpg","contentUrl":"https://visitrijeka.hr/wp-content/uploads/2023/06/Ljeto-na-kantridi-2023-2.jpg","width":820,"height":360},{"@type":"WebSite","@id":"https://visitrijeka.hr/es/#website","url":"https://visitrijeka.hr/es/","name":"Visit Rijeka","description":"Grad koji teče....","publisher":{"@id":"https://visitrijeka.hr/es/#organization"},"potentialAction":[{"@type":"SearchAction","target":{"@type":"EntryPoint","urlTemplate":"https://visitrijeka.hr/es/?s={search_term_string}"},"query-input":{"@type":"PropertyValueSpecification","valueRequired":true,"valueName":"search_term_string"}}],"inLanguage":"es"},{"@type":"Organization","@id":"https://visitrijeka.hr/es/#organization","name":"Visit Rijeka","url":"https://visitrijeka.hr/es/","logo":{"@type":"ImageObject","inLanguage":"es","@id":"https://visitrijeka.hr/es/#/schema/logo/image/","url":"https://visitrijeka.hr/wp-content/uploads/2023/02/Logo_Visit_rijeka_460.svg","contentUrl":"https://visitrijeka.hr/wp-content/uploads/2023/02/Logo_Visit_rijeka_460.svg","width":100,"height":100,"caption":"Visit Rijeka"},"image":{"@id":"https://visitrijeka.hr/es/#/schema/logo/image/"},"sameAs":["https://www.facebook.com/VisitRijeka"]}]}</script>
<!-- / Yoast SEO plugin. -->

U organizaciji Antonia Kiselića Ledinskog, ove će se godine 6.7. [...]

Grad koji teče....
