{"id":76099,"date":"2025-02-24T15:37:48","date_gmt":"2025-02-24T14:37:48","guid":{"rendered":"https:\/\/visitrijeka.hr\/event\/simpozij-neukroceno-more-moje-tvoje-nase\/"},"modified":"2025-02-24T15:49:58","modified_gmt":"2025-02-24T14:49:58","slug":"simpozij-neukroceno-more-moje-tvoje-nase","status":"publish","type":"tribe_events","link":"https:\/\/visitrijeka.hr\/en\/event\/simpozij-neukroceno-more-moje-tvoje-nase\/","title":{"rendered":"(Un)Tamed Sea: Symposium"},"content":{"rendered":"<p>In the framework of the twentieth edition of the Mine, Yours, Ours program series, organized this year within the MADE IN Platform, with financial support from the European Commission, the Croatian Government Office for NGOs, the Ministry of Culture and Media of the Republic of Croatia, and the City of Rijeka, Drugo more and the design collective Oaza proudly present the (Un)Tamed Sea program, taking place in Rijeka, Croatia, in March 2025.<br \/>\nBringing together contemporary artists and experts from Croatia and abroad through an exhibition (6 \u2014 27 March) and symposium (7 \u2014 8 March), the program of this interdisciplinary event explores the theme of the sea as an ecosystem and as a resource.<\/p>\n<p>SYMPOSIUM<br \/>\n7 \u2014 8 \/ 3 \/ 2025<\/p>\n<p>\u2022 Friday, 7th March:<br \/>\n11 AM \u2014 Below the Horizon, panel discussion<br \/>\n&#8211; with: Robertina \u0160ebjani\u010d, Silvio Vuji\u010di\u0107, Miro Roman &amp; Igor E\u0161kinja<br \/>\n1 PM \u2014 Ana Jeini\u0107: Exploring the Capitalocene Ocean. An Experiment in Collective Knowledge Production, lecture<br \/>\n6 PM \u2014 Alejandro Col\u00e1s: Murky Waters \u2014 Between Oceanic Sublime and Maritime Opacity, lecture<br \/>\n\u2022 Saturday, 8th March<br \/>\n11 AM \u2014 Explosive Ordnance in the Sea, panel discussion<br \/>\n&#8211; with: Jacek Bedlowski, Tihomir Bo\u0161njak &amp; Lovro Magli\u0107<br \/>\n13:00 \u2014 Chris Armstrong: Ocean Politics in a Time of Crisis, lecture<\/p>\n<p>* the program is in English.<\/p>\n","protected":false},"excerpt":{"rendered":"<p>Program simpozija se odr\u017eava na engleskom jeziku.<\/p>\n","protected":false},"author":9,"featured_media":76088,"template":"","meta":{"_acf_changed":false,"inline_featured_image":false,"_tribe_events_status":"","_tribe_events_status_reason":"","_tribe_events_is_hybrid":"","_tribe_events_is_virtual":"","_tribe_events_virtual_video_source":"","_tribe_events_virtual_embed_video":"","_tribe_events_virtual_linked_button_text":"","_tribe_events_virtual_linked_button":"","_tribe_events_virtual_show_embed_at":"","_tribe_events_virtual_show_embed_to":[],"_tribe_events_virtual_show_on_event":"","_tribe_events_virtual_show_on_views":"","_tribe_events_virtual_url":"","footnotes":""},"tags":[],"tribe_events_cat":[1110,1498],"class_list":["post-76099","tribe_events","type-tribe_events","status-publish","has-post-thumbnail","hentry","tribe_events_cat-culture-art","tribe_events_cat-ostalo-en","cat_culture-art","cat_ostalo-en"],"acf":[],"yoast_head":"<!-- This site is optimized with the Yoast SEO plugin v26.3 - https:\/\/yoast.com\/wordpress\/plugins\/seo\/ -->\n<title>(Un)Tamed Sea: Symposium - Visit Rijeka<\/title>\n<meta name=\"robots\" content=\"index, follow, max-snippet:-1, max-image-preview:large, max-video-preview:-1\" \/>\n<link rel=\"canonical\" href=\"https:\/\/visitrijeka.hr\/en\/event\/simpozij-neukroceno-more-moje-tvoje-nase\/\" \/>\n<meta property=\"og:locale\" content=\"en_US\" \/>\n<meta property=\"og:type\" content=\"article\" \/>\n<meta property=\"og:title\" content=\"(Un)Tamed Sea: Symposium - Visit Rijeka\" \/>\n<meta property=\"og:description\" content=\"Program simpozija se odr\u017eava na engleskom jeziku.\" \/>\n<meta property=\"og:url\" content=\"https:\/\/visitrijeka.hr\/en\/event\/simpozij-neukroceno-more-moje-tvoje-nase\/\" \/>\n<meta property=\"og:site_name\" content=\"Visit Rijeka\" \/>\n<meta property=\"article:publisher\" content=\"https:\/\/www.facebook.com\/VisitRijeka\" \/>\n<meta property=\"article:modified_time\" content=\"2025-02-24T14:49:58+00:00\" \/>\n<meta property=\"og:image\" content=\"https:\/\/visitrijeka.hr\/wp-content\/uploads\/2025\/02\/Neukroceno-more-vizual.jpg\" \/>\n\t<meta property=\"og:image:width\" content=\"1200\" \/>\n\t<meta property=\"og:image:height\" content=\"675\" \/>\n\t<meta property=\"og:image:type\" content=\"image\/jpeg\" \/>\n<meta name=\"twitter:card\" content=\"summary_large_image\" \/>\n<meta name=\"twitter:label1\" content=\"Est. reading time\" \/>\n\t<meta name=\"twitter:data1\" content=\"2 minutes\" \/>\n<script type=\"application\/ld+json\" class=\"yoast-schema-graph\">{\"@context\":\"https:\/\/schema.org\",\"@graph\":[{\"@type\":\"WebPage\",\"@id\":\"https:\/\/visitrijeka.hr\/en\/event\/simpozij-neukroceno-more-moje-tvoje-nase\/\",\"url\":\"https:\/\/visitrijeka.hr\/en\/event\/simpozij-neukroceno-more-moje-tvoje-nase\/\",\"name\":\"(Un)Tamed Sea: Symposium - Visit Rijeka\",\"isPartOf\":{\"@id\":\"https:\/\/visitrijeka.hr\/en\/#website\"},\"primaryImageOfPage\":{\"@id\":\"https:\/\/visitrijeka.hr\/en\/event\/simpozij-neukroceno-more-moje-tvoje-nase\/#primaryimage\"},\"image\":{\"@id\":\"https:\/\/visitrijeka.hr\/en\/event\/simpozij-neukroceno-more-moje-tvoje-nase\/#primaryimage\"},\"thumbnailUrl\":\"https:\/\/visitrijeka.hr\/wp-content\/uploads\/2025\/02\/Neukroceno-more-vizual.jpg\",\"datePublished\":\"2025-02-24T14:37:48+00:00\",\"dateModified\":\"2025-02-24T14:49:58+00:00\",\"breadcrumb\":{\"@id\":\"https:\/\/visitrijeka.hr\/en\/event\/simpozij-neukroceno-more-moje-tvoje-nase\/#breadcrumb\"},\"inLanguage\":\"en-US\",\"potentialAction\":[{\"@type\":\"ReadAction\",\"target\":[\"https:\/\/visitrijeka.hr\/en\/event\/simpozij-neukroceno-more-moje-tvoje-nase\/\"]}]},{\"@type\":\"ImageObject\",\"inLanguage\":\"en-US\",\"@id\":\"https:\/\/visitrijeka.hr\/en\/event\/simpozij-neukroceno-more-moje-tvoje-nase\/#primaryimage\",\"url\":\"https:\/\/visitrijeka.hr\/wp-content\/uploads\/2025\/02\/Neukroceno-more-vizual.jpg\",\"contentUrl\":\"https:\/\/visitrijeka.hr\/wp-content\/uploads\/2025\/02\/Neukroceno-more-vizual.jpg\",\"width\":1200,\"height\":675,\"caption\":\"Neukroceno more, vizual\"},{\"@type\":\"WebSite\",\"@id\":\"https:\/\/visitrijeka.hr\/en\/#website\",\"url\":\"https:\/\/visitrijeka.hr\/en\/\",\"name\":\"Visit Rijeka\",\"description\":\"Grad koji te\u010de....\",\"publisher\":{\"@id\":\"https:\/\/visitrijeka.hr\/en\/#organization\"},\"potentialAction\":[{\"@type\":\"SearchAction\",\"target\":{\"@type\":\"EntryPoint\",\"urlTemplate\":\"https:\/\/visitrijeka.hr\/en\/?s={search_term_string}\"},\"query-input\":{\"@type\":\"PropertyValueSpecification\",\"valueRequired\":true,\"valueName\":\"search_term_string\"}}],\"inLanguage\":\"en-US\"},{\"@type\":\"Organization\",\"@id\":\"https:\/\/visitrijeka.hr\/en\/#organization\",\"name\":\"Visit Rijeka\",\"url\":\"https:\/\/visitrijeka.hr\/en\/\",\"logo\":{\"@type\":\"ImageObject\",\"inLanguage\":\"en-US\",\"@id\":\"https:\/\/visitrijeka.hr\/en\/#\/schema\/logo\/image\/\",\"url\":\"https:\/\/visitrijeka.hr\/wp-content\/uploads\/2023\/02\/Logo_Visit_rijeka_460.svg\",\"contentUrl\":\"https:\/\/visitrijeka.hr\/wp-content\/uploads\/2023\/02\/Logo_Visit_rijeka_460.svg\",\"width\":100,\"height\":100,\"caption\":\"Visit Rijeka\"},\"image\":{\"@id\":\"https:\/\/visitrijeka.hr\/en\/#\/schema\/logo\/image\/\"},\"sameAs\":[\"https:\/\/www.facebook.com\/VisitRijeka\"]}]}<\/script>\n<!-- \/ Yoast SEO plugin. -->","yoast_head_json":{"title":"(Un)Tamed Sea: Symposium - Visit Rijeka","robots":{"index":"index","follow":"follow","max-snippet":"max-snippet:-1","max-image-preview":"max-image-preview:large","max-video-preview":"max-video-preview:-1"},"canonical":"https:\/\/visitrijeka.hr\/en\/event\/simpozij-neukroceno-more-moje-tvoje-nase\/","og_locale":"en_US","og_type":"article","og_title":"(Un)Tamed Sea: Symposium - Visit Rijeka","og_description":"Program simpozija se odr\u017eava na engleskom jeziku.","og_url":"https:\/\/visitrijeka.hr\/en\/event\/simpozij-neukroceno-more-moje-tvoje-nase\/","og_site_name":"Visit Rijeka","article_publisher":"https:\/\/www.facebook.com\/VisitRijeka","article_modified_time":"2025-02-24T14:49:58+00:00","og_image":[{"width":1200,"height":675,"url":"https:\/\/visitrijeka.hr\/wp-content\/uploads\/2025\/02\/Neukroceno-more-vizual.jpg","type":"image\/jpeg"}],"twitter_card":"summary_large_image","twitter_misc":{"Est. reading time":"2 minutes"},"schema":{"@context":"https:\/\/schema.org","@graph":[{"@type":"WebPage","@id":"https:\/\/visitrijeka.hr\/en\/event\/simpozij-neukroceno-more-moje-tvoje-nase\/","url":"https:\/\/visitrijeka.hr\/en\/event\/simpozij-neukroceno-more-moje-tvoje-nase\/","name":"(Un)Tamed Sea: Symposium - Visit Rijeka","isPartOf":{"@id":"https:\/\/visitrijeka.hr\/en\/#website"},"primaryImageOfPage":{"@id":"https:\/\/visitrijeka.hr\/en\/event\/simpozij-neukroceno-more-moje-tvoje-nase\/#primaryimage"},"image":{"@id":"https:\/\/visitrijeka.hr\/en\/event\/simpozij-neukroceno-more-moje-tvoje-nase\/#primaryimage"},"thumbnailUrl":"https:\/\/visitrijeka.hr\/wp-content\/uploads\/2025\/02\/Neukroceno-more-vizual.jpg","datePublished":"2025-02-24T14:37:48+00:00","dateModified":"2025-02-24T14:49:58+00:00","breadcrumb":{"@id":"https:\/\/visitrijeka.hr\/en\/event\/simpozij-neukroceno-more-moje-tvoje-nase\/#breadcrumb"},"inLanguage":"en-US","potentialAction":[{"@type":"ReadAction","target":["https:\/\/visitrijeka.hr\/en\/event\/simpozij-neukroceno-more-moje-tvoje-nase\/"]}]},{"@type":"ImageObject","inLanguage":"en-US","@id":"https:\/\/visitrijeka.hr\/en\/event\/simpozij-neukroceno-more-moje-tvoje-nase\/#primaryimage","url":"https:\/\/visitrijeka.hr\/wp-content\/uploads\/2025\/02\/Neukroceno-more-vizual.jpg","contentUrl":"https:\/\/visitrijeka.hr\/wp-content\/uploads\/2025\/02\/Neukroceno-more-vizual.jpg","width":1200,"height":675,"caption":"Neukroceno more, vizual"},{"@type":"WebSite","@id":"https:\/\/visitrijeka.hr\/en\/#website","url":"https:\/\/visitrijeka.hr\/en\/","name":"Visit Rijeka","description":"Grad koji te\u010de....","publisher":{"@id":"https:\/\/visitrijeka.hr\/en\/#organization"},"potentialAction":[{"@type":"SearchAction","target":{"@type":"EntryPoint","urlTemplate":"https:\/\/visitrijeka.hr\/en\/?s={search_term_string}"},"query-input":{"@type":"PropertyValueSpecification","valueRequired":true,"valueName":"search_term_string"}}],"inLanguage":"en-US"},{"@type":"Organization","@id":"https:\/\/visitrijeka.hr\/en\/#organization","name":"Visit Rijeka","url":"https:\/\/visitrijeka.hr\/en\/","logo":{"@type":"ImageObject","inLanguage":"en-US","@id":"https:\/\/visitrijeka.hr\/en\/#\/schema\/logo\/image\/","url":"https:\/\/visitrijeka.hr\/wp-content\/uploads\/2023\/02\/Logo_Visit_rijeka_460.svg","contentUrl":"https:\/\/visitrijeka.hr\/wp-content\/uploads\/2023\/02\/Logo_Visit_rijeka_460.svg","width":100,"height":100,"caption":"Visit Rijeka"},"image":{"@id":"https:\/\/visitrijeka.hr\/en\/#\/schema\/logo\/image\/"},"sameAs":["https:\/\/www.facebook.com\/VisitRijeka"]}]}},"_links":{"self":[{"href":"https:\/\/visitrijeka.hr\/en\/wp-json\/wp\/v2\/tribe_events\/76099","targetHints":{"allow":["GET"]}}],"collection":[{"href":"https:\/\/visitrijeka.hr\/en\/wp-json\/wp\/v2\/tribe_events"}],"about":[{"href":"https:\/\/visitrijeka.hr\/en\/wp-json\/wp\/v2\/types\/tribe_events"}],"author":[{"embeddable":true,"href":"https:\/\/visitrijeka.hr\/en\/wp-json\/wp\/v2\/users\/9"}],"version-history":[{"count":0,"href":"https:\/\/visitrijeka.hr\/en\/wp-json\/wp\/v2\/tribe_events\/76099\/revisions"}],"wp:featuredmedia":[{"embeddable":true,"href":"https:\/\/visitrijeka.hr\/en\/wp-json\/wp\/v2\/media\/76088"}],"wp:attachment":[{"href":"https:\/\/visitrijeka.hr\/en\/wp-json\/wp\/v2\/media?parent=76099"}],"wp:term":[{"taxonomy":"post_tag","embeddable":true,"href":"https:\/\/visitrijeka.hr\/en\/wp-json\/wp\/v2\/tags?post=76099"},{"taxonomy":"tribe_events_cat","embeddable":true,"href":"https:\/\/visitrijeka.hr\/en\/wp-json\/wp\/v2\/tribe_events_cat?post=76099"}],"curies":[{"name":"wp","href":"https:\/\/api.w.org\/{rel}","templated":true}]}}

<p>In the framework of the twentieth edition of the Mine, Yours, Ours program series, organized this year within the MADE IN Platform, with financial support from the European Commission, the Croatian Government Office for NGOs, the Ministry of Culture and Media of the Republic of Croatia, and the City of Rijeka, Drugo more and the design collective Oaza proudly present the (Un)Tamed Sea program, taking place in Rijeka, Croatia, in March 2025.<br />
Bringing together contemporary artists and experts from Croatia and abroad through an exhibition (6 — 27 March) and symposium (7 — 8 March), the program of this interdisciplinary event explores the theme of the sea as an ecosystem and as a resource.</p>
<p>SYMPOSIUM<br />
7 — 8 / 3 / 2025</p>
<p>• Friday, 7th March:<br />
11 AM — Below the Horizon, panel discussion<br />
&#8211; with: Robertina Šebjanič, Silvio Vujičić, Miro Roman &amp; Igor Eškinja<br />
1 PM — Ana Jeinić: Exploring the Capitalocene Ocean. An Experiment in Collective Knowledge Production, lecture<br />
6 PM — Alejandro Colás: Murky Waters — Between Oceanic Sublime and Maritime Opacity, lecture<br />
• Saturday, 8th March<br />
11 AM — Explosive Ordnance in the Sea, panel discussion<br />
&#8211; with: Jacek Bedlowski, Tihomir Bošnjak &amp; Lovro Maglić<br />
13:00 — Chris Armstrong: Ocean Politics in a Time of Crisis, lecture</p>
<p>* the program is in English.</p>

<p>Program simpozija se održava na engleskom jeziku.</p>

<!-- This site is optimized with the Yoast SEO plugin v26.3 - https://yoast.com/wordpress/plugins/seo/ -->
<title>(Un)Tamed Sea: Symposium - Visit Rijeka</title>
<meta name="robots" content="index, follow, max-snippet:-1, max-image-preview:large, max-video-preview:-1" />
<link rel="canonical" href="https://visitrijeka.hr/en/event/simpozij-neukroceno-more-moje-tvoje-nase/" />
<meta property="og:locale" content="en_US" />
<meta property="og:type" content="article" />
<meta property="og:title" content="(Un)Tamed Sea: Symposium - Visit Rijeka" />
<meta property="og:description" content="Program simpozija se održava na engleskom jeziku." />
<meta property="og:url" content="https://visitrijeka.hr/en/event/simpozij-neukroceno-more-moje-tvoje-nase/" />
<meta property="og:site_name" content="Visit Rijeka" />
<meta property="article:publisher" content="https://www.facebook.com/VisitRijeka" />
<meta property="article:modified_time" content="2025-02-24T14:49:58+00:00" />
<meta property="og:image" content="https://visitrijeka.hr/wp-content/uploads/2025/02/Neukroceno-more-vizual.jpg" />
	<meta property="og:image:width" content="1200" />
	<meta property="og:image:height" content="675" />
	<meta property="og:image:type" content="image/jpeg" />
<meta name="twitter:card" content="summary_large_image" />
<meta name="twitter:label1" content="Est. reading time" />
	<meta name="twitter:data1" content="2 minutes" />
<script type="application/ld+json" class="yoast-schema-graph">{"@context":"https://schema.org","@graph":[{"@type":"WebPage","@id":"https://visitrijeka.hr/en/event/simpozij-neukroceno-more-moje-tvoje-nase/","url":"https://visitrijeka.hr/en/event/simpozij-neukroceno-more-moje-tvoje-nase/","name":"(Un)Tamed Sea: Symposium - Visit Rijeka","isPartOf":{"@id":"https://visitrijeka.hr/en/#website"},"primaryImageOfPage":{"@id":"https://visitrijeka.hr/en/event/simpozij-neukroceno-more-moje-tvoje-nase/#primaryimage"},"image":{"@id":"https://visitrijeka.hr/en/event/simpozij-neukroceno-more-moje-tvoje-nase/#primaryimage"},"thumbnailUrl":"https://visitrijeka.hr/wp-content/uploads/2025/02/Neukroceno-more-vizual.jpg","datePublished":"2025-02-24T14:37:48+00:00","dateModified":"2025-02-24T14:49:58+00:00","breadcrumb":{"@id":"https://visitrijeka.hr/en/event/simpozij-neukroceno-more-moje-tvoje-nase/#breadcrumb"},"inLanguage":"en-US","potentialAction":[{"@type":"ReadAction","target":["https://visitrijeka.hr/en/event/simpozij-neukroceno-more-moje-tvoje-nase/"]}]},{"@type":"ImageObject","inLanguage":"en-US","@id":"https://visitrijeka.hr/en/event/simpozij-neukroceno-more-moje-tvoje-nase/#primaryimage","url":"https://visitrijeka.hr/wp-content/uploads/2025/02/Neukroceno-more-vizual.jpg","contentUrl":"https://visitrijeka.hr/wp-content/uploads/2025/02/Neukroceno-more-vizual.jpg","width":1200,"height":675,"caption":"Neukroceno more, vizual"},{"@type":"WebSite","@id":"https://visitrijeka.hr/en/#website","url":"https://visitrijeka.hr/en/","name":"Visit Rijeka","description":"Grad koji teče....","publisher":{"@id":"https://visitrijeka.hr/en/#organization"},"potentialAction":[{"@type":"SearchAction","target":{"@type":"EntryPoint","urlTemplate":"https://visitrijeka.hr/en/?s={search_term_string}"},"query-input":{"@type":"PropertyValueSpecification","valueRequired":true,"valueName":"search_term_string"}}],"inLanguage":"en-US"},{"@type":"Organization","@id":"https://visitrijeka.hr/en/#organization","name":"Visit Rijeka","url":"https://visitrijeka.hr/en/","logo":{"@type":"ImageObject","inLanguage":"en-US","@id":"https://visitrijeka.hr/en/#/schema/logo/image/","url":"https://visitrijeka.hr/wp-content/uploads/2023/02/Logo_Visit_rijeka_460.svg","contentUrl":"https://visitrijeka.hr/wp-content/uploads/2023/02/Logo_Visit_rijeka_460.svg","width":100,"height":100,"caption":"Visit Rijeka"},"image":{"@id":"https://visitrijeka.hr/en/#/schema/logo/image/"},"sameAs":["https://www.facebook.com/VisitRijeka"]}]}</script>
<!-- / Yoast SEO plugin. -->

Program simpozija se održava na engleskom jeziku.

Grad koji teče....
