{"id":65686,"date":"2024-09-30T14:32:23","date_gmt":"2024-09-30T12:32:23","guid":{"rendered":"https:\/\/visitrijeka.hr\/event\/il-papa-ja-tata\/"},"modified":"2024-09-30T14:32:23","modified_gmt":"2024-09-30T12:32:23","slug":"il-papa-ja-tata","status":"publish","type":"tribe_events","link":"https:\/\/visitrijeka.hr\/en\/event\/il-papa-ja-tata\/","title":{"rendered":"IL PAP\u00c0 \/ JA TATA"},"content":{"rendered":"<p>Otkrijte bogati o\u010dinski svijet ispunjen smijehom, pla\u010dem, strahom u cijenjenoj komediji \u201eJa Tata\u201c Bjarnija Haukura \u00de\u00f3rssona. Pripremite se na dirljivo monodramsko definiranje svega onoga \u0161to mislite kada ka\u017eete \u2013 tata. Od o\u010dinske trudno\u0107e i pelena, pa sve do pitanja odnosa sa \u017eenom i dru\u0161tvom, Giulio Settimo kao tata \u0107e vas nasmijati do suza, ali i dotaknuti u samo srce svojim putem do o\u010dinstva.<\/p>\n<p>Scoprite il mondo dei pap\u00e0 pieno di risate, pianti e paure, nella celebre commedia \u00a8Io Pap\u00e0\u00a8 di Bjarni Haukur \u00de\u00f3rsson. Preparatevi ad una rappresentazione toccante monodrammatica di tutto quello a cui pensate con la parola pap\u00e0. Da una gravidanza paterna ai pannolini, fino alle domande sulla relazione con la donna\/moglie e la societ\u00e0. Giulio Settimo come pap\u00e0 vi far\u00e0 piangere dalle risate, ma vi toccher\u00e0 anche il cuore con il suo percorso verso la paternit\u00e0.<\/p>\n","protected":false},"excerpt":{"rendered":"<p>Otkrijte bogati o\u010dinski svijet ispunjen smijehom, pla\u010dem, strahom u cijenjenoj  [&#8230;]<\/p>\n","protected":false},"author":9,"featured_media":65678,"template":"","meta":{"_acf_changed":false,"inline_featured_image":false,"_tribe_events_status":"","_tribe_events_status_reason":"","_tribe_events_is_hybrid":"","_tribe_events_is_virtual":"","_tribe_events_virtual_video_source":"","_tribe_events_virtual_embed_video":"","_tribe_events_virtual_linked_button_text":"","_tribe_events_virtual_linked_button":"","_tribe_events_virtual_show_embed_at":"","_tribe_events_virtual_show_embed_to":[],"_tribe_events_virtual_show_on_event":"","_tribe_events_virtual_show_on_views":"","_tribe_events_virtual_url":"","footnotes":""},"tags":[],"tribe_events_cat":[1110],"class_list":["post-65686","tribe_events","type-tribe_events","status-publish","has-post-thumbnail","hentry","tribe_events_cat-culture-art","cat_culture-art"],"acf":[],"yoast_head":"<!-- This site is optimized with the Yoast SEO plugin v26.3 - https:\/\/yoast.com\/wordpress\/plugins\/seo\/ -->\n<title>IL PAP\u00c0 \/ JA TATA - Visit Rijeka<\/title>\n<meta name=\"robots\" content=\"index, follow, max-snippet:-1, max-image-preview:large, max-video-preview:-1\" \/>\n<link rel=\"canonical\" href=\"https:\/\/visitrijeka.hr\/en\/event\/il-papa-ja-tata\/\" \/>\n<meta property=\"og:locale\" content=\"en_US\" \/>\n<meta property=\"og:type\" content=\"article\" \/>\n<meta property=\"og:title\" content=\"IL PAP\u00c0 \/ JA TATA - Visit Rijeka\" \/>\n<meta property=\"og:description\" content=\"Otkrijte bogati o\u010dinski svijet ispunjen smijehom, pla\u010dem, strahom u cijenjenoj [...]\" \/>\n<meta property=\"og:url\" content=\"https:\/\/visitrijeka.hr\/en\/event\/il-papa-ja-tata\/\" \/>\n<meta property=\"og:site_name\" content=\"Visit Rijeka\" \/>\n<meta property=\"article:publisher\" content=\"https:\/\/www.facebook.com\/VisitRijeka\" \/>\n<meta name=\"twitter:card\" content=\"summary_large_image\" \/>\n<meta name=\"twitter:label1\" content=\"Est. reading time\" \/>\n\t<meta name=\"twitter:data1\" content=\"1 minute\" \/>\n<script type=\"application\/ld+json\" class=\"yoast-schema-graph\">{\"@context\":\"https:\/\/schema.org\",\"@graph\":[{\"@type\":\"WebPage\",\"@id\":\"https:\/\/visitrijeka.hr\/en\/event\/il-papa-ja-tata\/\",\"url\":\"https:\/\/visitrijeka.hr\/en\/event\/il-papa-ja-tata\/\",\"name\":\"IL PAP\u00c0 \/ JA TATA - Visit Rijeka\",\"isPartOf\":{\"@id\":\"https:\/\/visitrijeka.hr\/en\/#website\"},\"primaryImageOfPage\":{\"@id\":\"https:\/\/visitrijeka.hr\/en\/event\/il-papa-ja-tata\/#primaryimage\"},\"image\":{\"@id\":\"https:\/\/visitrijeka.hr\/en\/event\/il-papa-ja-tata\/#primaryimage\"},\"thumbnailUrl\":\"https:\/\/visitrijeka.hr\/wp-content\/uploads\/2024\/09\/IL-PAPA-JA-TATA-715x575-1.png\",\"datePublished\":\"2024-09-30T12:32:23+00:00\",\"breadcrumb\":{\"@id\":\"https:\/\/visitrijeka.hr\/en\/event\/il-papa-ja-tata\/#breadcrumb\"},\"inLanguage\":\"en-US\",\"potentialAction\":[{\"@type\":\"ReadAction\",\"target\":[\"https:\/\/visitrijeka.hr\/en\/event\/il-papa-ja-tata\/\"]}]},{\"@type\":\"ImageObject\",\"inLanguage\":\"en-US\",\"@id\":\"https:\/\/visitrijeka.hr\/en\/event\/il-papa-ja-tata\/#primaryimage\",\"url\":\"https:\/\/visitrijeka.hr\/wp-content\/uploads\/2024\/09\/IL-PAPA-JA-TATA-715x575-1.png\",\"contentUrl\":\"https:\/\/visitrijeka.hr\/wp-content\/uploads\/2024\/09\/IL-PAPA-JA-TATA-715x575-1.png\",\"width\":1200,\"height\":965,\"caption\":\"IL-PAPA-JA-TATA-715x575\"},{\"@type\":\"WebSite\",\"@id\":\"https:\/\/visitrijeka.hr\/en\/#website\",\"url\":\"https:\/\/visitrijeka.hr\/en\/\",\"name\":\"Visit Rijeka\",\"description\":\"Grad koji te\u010de....\",\"publisher\":{\"@id\":\"https:\/\/visitrijeka.hr\/en\/#organization\"},\"potentialAction\":[{\"@type\":\"SearchAction\",\"target\":{\"@type\":\"EntryPoint\",\"urlTemplate\":\"https:\/\/visitrijeka.hr\/en\/?s={search_term_string}\"},\"query-input\":{\"@type\":\"PropertyValueSpecification\",\"valueRequired\":true,\"valueName\":\"search_term_string\"}}],\"inLanguage\":\"en-US\"},{\"@type\":\"Organization\",\"@id\":\"https:\/\/visitrijeka.hr\/en\/#organization\",\"name\":\"Visit Rijeka\",\"url\":\"https:\/\/visitrijeka.hr\/en\/\",\"logo\":{\"@type\":\"ImageObject\",\"inLanguage\":\"en-US\",\"@id\":\"https:\/\/visitrijeka.hr\/en\/#\/schema\/logo\/image\/\",\"url\":\"https:\/\/visitrijeka.hr\/wp-content\/uploads\/2023\/02\/Logo_Visit_rijeka_460.svg\",\"contentUrl\":\"https:\/\/visitrijeka.hr\/wp-content\/uploads\/2023\/02\/Logo_Visit_rijeka_460.svg\",\"width\":100,\"height\":100,\"caption\":\"Visit Rijeka\"},\"image\":{\"@id\":\"https:\/\/visitrijeka.hr\/en\/#\/schema\/logo\/image\/\"},\"sameAs\":[\"https:\/\/www.facebook.com\/VisitRijeka\"]}]}<\/script>\n<!-- \/ Yoast SEO plugin. -->","yoast_head_json":{"title":"IL PAP\u00c0 \/ JA TATA - Visit Rijeka","robots":{"index":"index","follow":"follow","max-snippet":"max-snippet:-1","max-image-preview":"max-image-preview:large","max-video-preview":"max-video-preview:-1"},"canonical":"https:\/\/visitrijeka.hr\/en\/event\/il-papa-ja-tata\/","og_locale":"en_US","og_type":"article","og_title":"IL PAP\u00c0 \/ JA TATA - Visit Rijeka","og_description":"Otkrijte bogati o\u010dinski svijet ispunjen smijehom, pla\u010dem, strahom u cijenjenoj [...]","og_url":"https:\/\/visitrijeka.hr\/en\/event\/il-papa-ja-tata\/","og_site_name":"Visit Rijeka","article_publisher":"https:\/\/www.facebook.com\/VisitRijeka","twitter_card":"summary_large_image","twitter_misc":{"Est. reading time":"1 minute"},"schema":{"@context":"https:\/\/schema.org","@graph":[{"@type":"WebPage","@id":"https:\/\/visitrijeka.hr\/en\/event\/il-papa-ja-tata\/","url":"https:\/\/visitrijeka.hr\/en\/event\/il-papa-ja-tata\/","name":"IL PAP\u00c0 \/ JA TATA - Visit Rijeka","isPartOf":{"@id":"https:\/\/visitrijeka.hr\/en\/#website"},"primaryImageOfPage":{"@id":"https:\/\/visitrijeka.hr\/en\/event\/il-papa-ja-tata\/#primaryimage"},"image":{"@id":"https:\/\/visitrijeka.hr\/en\/event\/il-papa-ja-tata\/#primaryimage"},"thumbnailUrl":"https:\/\/visitrijeka.hr\/wp-content\/uploads\/2024\/09\/IL-PAPA-JA-TATA-715x575-1.png","datePublished":"2024-09-30T12:32:23+00:00","breadcrumb":{"@id":"https:\/\/visitrijeka.hr\/en\/event\/il-papa-ja-tata\/#breadcrumb"},"inLanguage":"en-US","potentialAction":[{"@type":"ReadAction","target":["https:\/\/visitrijeka.hr\/en\/event\/il-papa-ja-tata\/"]}]},{"@type":"ImageObject","inLanguage":"en-US","@id":"https:\/\/visitrijeka.hr\/en\/event\/il-papa-ja-tata\/#primaryimage","url":"https:\/\/visitrijeka.hr\/wp-content\/uploads\/2024\/09\/IL-PAPA-JA-TATA-715x575-1.png","contentUrl":"https:\/\/visitrijeka.hr\/wp-content\/uploads\/2024\/09\/IL-PAPA-JA-TATA-715x575-1.png","width":1200,"height":965,"caption":"IL-PAPA-JA-TATA-715x575"},{"@type":"WebSite","@id":"https:\/\/visitrijeka.hr\/en\/#website","url":"https:\/\/visitrijeka.hr\/en\/","name":"Visit Rijeka","description":"Grad koji te\u010de....","publisher":{"@id":"https:\/\/visitrijeka.hr\/en\/#organization"},"potentialAction":[{"@type":"SearchAction","target":{"@type":"EntryPoint","urlTemplate":"https:\/\/visitrijeka.hr\/en\/?s={search_term_string}"},"query-input":{"@type":"PropertyValueSpecification","valueRequired":true,"valueName":"search_term_string"}}],"inLanguage":"en-US"},{"@type":"Organization","@id":"https:\/\/visitrijeka.hr\/en\/#organization","name":"Visit Rijeka","url":"https:\/\/visitrijeka.hr\/en\/","logo":{"@type":"ImageObject","inLanguage":"en-US","@id":"https:\/\/visitrijeka.hr\/en\/#\/schema\/logo\/image\/","url":"https:\/\/visitrijeka.hr\/wp-content\/uploads\/2023\/02\/Logo_Visit_rijeka_460.svg","contentUrl":"https:\/\/visitrijeka.hr\/wp-content\/uploads\/2023\/02\/Logo_Visit_rijeka_460.svg","width":100,"height":100,"caption":"Visit Rijeka"},"image":{"@id":"https:\/\/visitrijeka.hr\/en\/#\/schema\/logo\/image\/"},"sameAs":["https:\/\/www.facebook.com\/VisitRijeka"]}]}},"_links":{"self":[{"href":"https:\/\/visitrijeka.hr\/en\/wp-json\/wp\/v2\/tribe_events\/65686","targetHints":{"allow":["GET"]}}],"collection":[{"href":"https:\/\/visitrijeka.hr\/en\/wp-json\/wp\/v2\/tribe_events"}],"about":[{"href":"https:\/\/visitrijeka.hr\/en\/wp-json\/wp\/v2\/types\/tribe_events"}],"author":[{"embeddable":true,"href":"https:\/\/visitrijeka.hr\/en\/wp-json\/wp\/v2\/users\/9"}],"version-history":[{"count":0,"href":"https:\/\/visitrijeka.hr\/en\/wp-json\/wp\/v2\/tribe_events\/65686\/revisions"}],"wp:featuredmedia":[{"embeddable":true,"href":"https:\/\/visitrijeka.hr\/en\/wp-json\/wp\/v2\/media\/65678"}],"wp:attachment":[{"href":"https:\/\/visitrijeka.hr\/en\/wp-json\/wp\/v2\/media?parent=65686"}],"wp:term":[{"taxonomy":"post_tag","embeddable":true,"href":"https:\/\/visitrijeka.hr\/en\/wp-json\/wp\/v2\/tags?post=65686"},{"taxonomy":"tribe_events_cat","embeddable":true,"href":"https:\/\/visitrijeka.hr\/en\/wp-json\/wp\/v2\/tribe_events_cat?post=65686"}],"curies":[{"name":"wp","href":"https:\/\/api.w.org\/{rel}","templated":true}]}}

IL PAPÀ / JA TATA

<p>Otkrijte bogati očinski svijet ispunjen smijehom, plačem, strahom u cijenjenoj komediji „Ja Tata“ Bjarnija Haukura Þórssona. Pripremite se na dirljivo monodramsko definiranje svega onoga što mislite kada kažete – tata. Od očinske trudnoće i pelena, pa sve do pitanja odnosa sa ženom i društvom, Giulio Settimo kao tata će vas nasmijati do suza, ali i dotaknuti u samo srce svojim putem do očinstva.</p>
<p>Scoprite il mondo dei papà pieno di risate, pianti e paure, nella celebre commedia ¨Io Papà¨ di Bjarni Haukur Þórsson. Preparatevi ad una rappresentazione toccante monodrammatica di tutto quello a cui pensate con la parola papà. Da una gravidanza paterna ai pannolini, fino alle domande sulla relazione con la donna/moglie e la società. Giulio Settimo come papà vi farà piangere dalle risate, ma vi toccherà anche il cuore con il suo percorso verso la paternità.</p>

<p>Otkrijte bogati očinski svijet ispunjen smijehom, plačem, strahom u cijenjenoj  [&#8230;]</p>

<!-- This site is optimized with the Yoast SEO plugin v26.3 - https://yoast.com/wordpress/plugins/seo/ -->
<title>IL PAPÀ / JA TATA - Visit Rijeka</title>
<meta name="robots" content="index, follow, max-snippet:-1, max-image-preview:large, max-video-preview:-1" />
<link rel="canonical" href="https://visitrijeka.hr/en/event/il-papa-ja-tata/" />
<meta property="og:locale" content="en_US" />
<meta property="og:type" content="article" />
<meta property="og:title" content="IL PAPÀ / JA TATA - Visit Rijeka" />
<meta property="og:description" content="Otkrijte bogati očinski svijet ispunjen smijehom, plačem, strahom u cijenjenoj [...]" />
<meta property="og:url" content="https://visitrijeka.hr/en/event/il-papa-ja-tata/" />
<meta property="og:site_name" content="Visit Rijeka" />
<meta property="article:publisher" content="https://www.facebook.com/VisitRijeka" />
<meta name="twitter:card" content="summary_large_image" />
<meta name="twitter:label1" content="Est. reading time" />
	<meta name="twitter:data1" content="1 minute" />
<script type="application/ld+json" class="yoast-schema-graph">{"@context":"https://schema.org","@graph":[{"@type":"WebPage","@id":"https://visitrijeka.hr/en/event/il-papa-ja-tata/","url":"https://visitrijeka.hr/en/event/il-papa-ja-tata/","name":"IL PAPÀ / JA TATA - Visit Rijeka","isPartOf":{"@id":"https://visitrijeka.hr/en/#website"},"primaryImageOfPage":{"@id":"https://visitrijeka.hr/en/event/il-papa-ja-tata/#primaryimage"},"image":{"@id":"https://visitrijeka.hr/en/event/il-papa-ja-tata/#primaryimage"},"thumbnailUrl":"https://visitrijeka.hr/wp-content/uploads/2024/09/IL-PAPA-JA-TATA-715x575-1.png","datePublished":"2024-09-30T12:32:23+00:00","breadcrumb":{"@id":"https://visitrijeka.hr/en/event/il-papa-ja-tata/#breadcrumb"},"inLanguage":"en-US","potentialAction":[{"@type":"ReadAction","target":["https://visitrijeka.hr/en/event/il-papa-ja-tata/"]}]},{"@type":"ImageObject","inLanguage":"en-US","@id":"https://visitrijeka.hr/en/event/il-papa-ja-tata/#primaryimage","url":"https://visitrijeka.hr/wp-content/uploads/2024/09/IL-PAPA-JA-TATA-715x575-1.png","contentUrl":"https://visitrijeka.hr/wp-content/uploads/2024/09/IL-PAPA-JA-TATA-715x575-1.png","width":1200,"height":965,"caption":"IL-PAPA-JA-TATA-715x575"},{"@type":"WebSite","@id":"https://visitrijeka.hr/en/#website","url":"https://visitrijeka.hr/en/","name":"Visit Rijeka","description":"Grad koji teče....","publisher":{"@id":"https://visitrijeka.hr/en/#organization"},"potentialAction":[{"@type":"SearchAction","target":{"@type":"EntryPoint","urlTemplate":"https://visitrijeka.hr/en/?s={search_term_string}"},"query-input":{"@type":"PropertyValueSpecification","valueRequired":true,"valueName":"search_term_string"}}],"inLanguage":"en-US"},{"@type":"Organization","@id":"https://visitrijeka.hr/en/#organization","name":"Visit Rijeka","url":"https://visitrijeka.hr/en/","logo":{"@type":"ImageObject","inLanguage":"en-US","@id":"https://visitrijeka.hr/en/#/schema/logo/image/","url":"https://visitrijeka.hr/wp-content/uploads/2023/02/Logo_Visit_rijeka_460.svg","contentUrl":"https://visitrijeka.hr/wp-content/uploads/2023/02/Logo_Visit_rijeka_460.svg","width":100,"height":100,"caption":"Visit Rijeka"},"image":{"@id":"https://visitrijeka.hr/en/#/schema/logo/image/"},"sameAs":["https://www.facebook.com/VisitRijeka"]}]}</script>
<!-- / Yoast SEO plugin. -->

IL PAPÀ / JA TATA - Visit Rijeka

Otkrijte bogati očinski svijet ispunjen smijehom, plačem, strahom u cijenjenoj [...]

Grad koji teče....
