{"id":46777,"date":"2023-12-28T12:53:50","date_gmt":"2023-12-28T11:53:50","guid":{"rendered":"https:\/\/visitrijeka.hr\/event\/medunarodna-karnevalska-povorka\/"},"modified":"2024-01-17T13:23:01","modified_gmt":"2024-01-17T12:23:01","slug":"medunarodna-karnevalska-povorka","status":"publish","type":"tribe_events","link":"https:\/\/visitrijeka.hr\/de\/event\/medunarodna-karnevalska-povorka\/","title":{"rendered":"Internationalen Karnevalsumzugs"},"content":{"rendered":"<p>Der wichtigste Tag des Karnevals von Rijeka, bzw. der Tag des gro\u00dfen internationalen Karnevalsumzugs ist eine Sublimation all dessen, das sich w\u00e4hrend der f\u00fcnften Jahreszeit zugetragen hat.<\/p>\n<p>Was kann man sonst noch sagen, au\u00dfer Sie zu der jubilaren, f\u00fcnften Jahreszeit der Stadt einzuladen und Sie mit dem Faschingsgru\u00df von Rijeka zu begr\u00fc\u00dfen, in dessen vier Worten die Wahrheit des Karnevals von Rijeka lebt \u2013 STERBEN, ABER NICHT AUFGEBEN!<\/p>\n","protected":false},"excerpt":{"rendered":"<p>Der wichtigste Tag des Karnevals von Rijeka, bzw. der Tag  [&#8230;]<\/p>\n","protected":false},"author":1,"featured_media":46687,"template":"","meta":{"_acf_changed":false,"inline_featured_image":false,"_tribe_events_status":"","_tribe_events_status_reason":"","_tribe_events_is_hybrid":"","_tribe_events_is_virtual":"","_tribe_events_virtual_video_source":"","_tribe_events_virtual_embed_video":"","_tribe_events_virtual_linked_button_text":"","_tribe_events_virtual_linked_button":"","_tribe_events_virtual_show_embed_at":"","_tribe_events_virtual_show_embed_to":[],"_tribe_events_virtual_show_on_event":"","_tribe_events_virtual_show_on_views":"","_tribe_events_virtual_url":"","footnotes":""},"tags":[],"tribe_events_cat":[1107],"class_list":["post-46777","tribe_events","type-tribe_events","status-publish","has-post-thumbnail","hentry","tribe_events_cat-karneval-de","cat_karneval-de"],"acf":[],"yoast_head":"<!-- This site is optimized with the Yoast SEO plugin v26.3 - https:\/\/yoast.com\/wordpress\/plugins\/seo\/ -->\n<title>Internationalen Karnevalsumzugs - Visit Rijeka<\/title>\n<meta name=\"robots\" content=\"index, follow, max-snippet:-1, max-image-preview:large, max-video-preview:-1\" \/>\n<link rel=\"canonical\" href=\"https:\/\/visitrijeka.hr\/de\/event\/medunarodna-karnevalska-povorka\/\" \/>\n<meta property=\"og:locale\" content=\"de_DE\" \/>\n<meta property=\"og:type\" content=\"article\" \/>\n<meta property=\"og:title\" content=\"Internationalen Karnevalsumzugs - Visit Rijeka\" \/>\n<meta property=\"og:description\" content=\"Der wichtigste Tag des Karnevals von Rijeka, bzw. der Tag [...]\" \/>\n<meta property=\"og:url\" content=\"https:\/\/visitrijeka.hr\/de\/event\/medunarodna-karnevalska-povorka\/\" \/>\n<meta property=\"og:site_name\" content=\"Visit Rijeka\" \/>\n<meta property=\"article:publisher\" content=\"https:\/\/www.facebook.com\/VisitRijeka\" \/>\n<meta property=\"article:modified_time\" content=\"2024-01-17T12:23:01+00:00\" \/>\n<meta property=\"og:image\" content=\"https:\/\/visitrijeka.hr\/wp-content\/uploads\/2024\/01\/Karneval-eng.jpg\" \/>\n\t<meta property=\"og:image:width\" content=\"1200\" \/>\n\t<meta property=\"og:image:height\" content=\"925\" \/>\n\t<meta property=\"og:image:type\" content=\"image\/jpeg\" \/>\n<meta name=\"twitter:card\" content=\"summary_large_image\" \/>\n<meta name=\"twitter:label1\" content=\"Gesch\u00e4tzte Lesezeit\" \/>\n\t<meta name=\"twitter:data1\" content=\"1\u00a0Minute\" \/>\n<script type=\"application\/ld+json\" class=\"yoast-schema-graph\">{\"@context\":\"https:\/\/schema.org\",\"@graph\":[{\"@type\":\"WebPage\",\"@id\":\"https:\/\/visitrijeka.hr\/de\/event\/medunarodna-karnevalska-povorka\/\",\"url\":\"https:\/\/visitrijeka.hr\/de\/event\/medunarodna-karnevalska-povorka\/\",\"name\":\"Internationalen Karnevalsumzugs - Visit Rijeka\",\"isPartOf\":{\"@id\":\"https:\/\/visitrijeka.hr\/de\/#website\"},\"primaryImageOfPage\":{\"@id\":\"https:\/\/visitrijeka.hr\/de\/event\/medunarodna-karnevalska-povorka\/#primaryimage\"},\"image\":{\"@id\":\"https:\/\/visitrijeka.hr\/de\/event\/medunarodna-karnevalska-povorka\/#primaryimage\"},\"thumbnailUrl\":\"https:\/\/visitrijeka.hr\/wp-content\/uploads\/2024\/01\/Karneval-eng-e1743494705597.jpg\",\"datePublished\":\"2023-12-28T11:53:50+00:00\",\"dateModified\":\"2024-01-17T12:23:01+00:00\",\"breadcrumb\":{\"@id\":\"https:\/\/visitrijeka.hr\/de\/event\/medunarodna-karnevalska-povorka\/#breadcrumb\"},\"inLanguage\":\"de\",\"potentialAction\":[{\"@type\":\"ReadAction\",\"target\":[\"https:\/\/visitrijeka.hr\/de\/event\/medunarodna-karnevalska-povorka\/\"]}]},{\"@type\":\"ImageObject\",\"inLanguage\":\"de\",\"@id\":\"https:\/\/visitrijeka.hr\/de\/event\/medunarodna-karnevalska-povorka\/#primaryimage\",\"url\":\"https:\/\/visitrijeka.hr\/wp-content\/uploads\/2024\/01\/Karneval-eng-e1743494705597.jpg\",\"contentUrl\":\"https:\/\/visitrijeka.hr\/wp-content\/uploads\/2024\/01\/Karneval-eng-e1743494705597.jpg\",\"width\":1200,\"height\":925,\"caption\":\"Karneval eng\"},{\"@type\":\"WebSite\",\"@id\":\"https:\/\/visitrijeka.hr\/de\/#website\",\"url\":\"https:\/\/visitrijeka.hr\/de\/\",\"name\":\"Visit Rijeka\",\"description\":\"Grad koji te\u010de....\",\"publisher\":{\"@id\":\"https:\/\/visitrijeka.hr\/de\/#organization\"},\"potentialAction\":[{\"@type\":\"SearchAction\",\"target\":{\"@type\":\"EntryPoint\",\"urlTemplate\":\"https:\/\/visitrijeka.hr\/de\/?s={search_term_string}\"},\"query-input\":{\"@type\":\"PropertyValueSpecification\",\"valueRequired\":true,\"valueName\":\"search_term_string\"}}],\"inLanguage\":\"de\"},{\"@type\":\"Organization\",\"@id\":\"https:\/\/visitrijeka.hr\/de\/#organization\",\"name\":\"Visit Rijeka\",\"url\":\"https:\/\/visitrijeka.hr\/de\/\",\"logo\":{\"@type\":\"ImageObject\",\"inLanguage\":\"de\",\"@id\":\"https:\/\/visitrijeka.hr\/de\/#\/schema\/logo\/image\/\",\"url\":\"https:\/\/visitrijeka.hr\/wp-content\/uploads\/2023\/02\/Logo_Visit_rijeka_460.svg\",\"contentUrl\":\"https:\/\/visitrijeka.hr\/wp-content\/uploads\/2023\/02\/Logo_Visit_rijeka_460.svg\",\"width\":100,\"height\":100,\"caption\":\"Visit Rijeka\"},\"image\":{\"@id\":\"https:\/\/visitrijeka.hr\/de\/#\/schema\/logo\/image\/\"},\"sameAs\":[\"https:\/\/www.facebook.com\/VisitRijeka\"]}]}<\/script>\n<!-- \/ Yoast SEO plugin. -->","yoast_head_json":{"title":"Internationalen Karnevalsumzugs - Visit Rijeka","robots":{"index":"index","follow":"follow","max-snippet":"max-snippet:-1","max-image-preview":"max-image-preview:large","max-video-preview":"max-video-preview:-1"},"canonical":"https:\/\/visitrijeka.hr\/de\/event\/medunarodna-karnevalska-povorka\/","og_locale":"de_DE","og_type":"article","og_title":"Internationalen Karnevalsumzugs - Visit Rijeka","og_description":"Der wichtigste Tag des Karnevals von Rijeka, bzw. der Tag [...]","og_url":"https:\/\/visitrijeka.hr\/de\/event\/medunarodna-karnevalska-povorka\/","og_site_name":"Visit Rijeka","article_publisher":"https:\/\/www.facebook.com\/VisitRijeka","article_modified_time":"2024-01-17T12:23:01+00:00","og_image":[{"width":1200,"height":925,"url":"https:\/\/visitrijeka.hr\/wp-content\/uploads\/2024\/01\/Karneval-eng.jpg","type":"image\/jpeg"}],"twitter_card":"summary_large_image","twitter_misc":{"Gesch\u00e4tzte Lesezeit":"1\u00a0Minute"},"schema":{"@context":"https:\/\/schema.org","@graph":[{"@type":"WebPage","@id":"https:\/\/visitrijeka.hr\/de\/event\/medunarodna-karnevalska-povorka\/","url":"https:\/\/visitrijeka.hr\/de\/event\/medunarodna-karnevalska-povorka\/","name":"Internationalen Karnevalsumzugs - Visit Rijeka","isPartOf":{"@id":"https:\/\/visitrijeka.hr\/de\/#website"},"primaryImageOfPage":{"@id":"https:\/\/visitrijeka.hr\/de\/event\/medunarodna-karnevalska-povorka\/#primaryimage"},"image":{"@id":"https:\/\/visitrijeka.hr\/de\/event\/medunarodna-karnevalska-povorka\/#primaryimage"},"thumbnailUrl":"https:\/\/visitrijeka.hr\/wp-content\/uploads\/2024\/01\/Karneval-eng-e1743494705597.jpg","datePublished":"2023-12-28T11:53:50+00:00","dateModified":"2024-01-17T12:23:01+00:00","breadcrumb":{"@id":"https:\/\/visitrijeka.hr\/de\/event\/medunarodna-karnevalska-povorka\/#breadcrumb"},"inLanguage":"de","potentialAction":[{"@type":"ReadAction","target":["https:\/\/visitrijeka.hr\/de\/event\/medunarodna-karnevalska-povorka\/"]}]},{"@type":"ImageObject","inLanguage":"de","@id":"https:\/\/visitrijeka.hr\/de\/event\/medunarodna-karnevalska-povorka\/#primaryimage","url":"https:\/\/visitrijeka.hr\/wp-content\/uploads\/2024\/01\/Karneval-eng-e1743494705597.jpg","contentUrl":"https:\/\/visitrijeka.hr\/wp-content\/uploads\/2024\/01\/Karneval-eng-e1743494705597.jpg","width":1200,"height":925,"caption":"Karneval eng"},{"@type":"WebSite","@id":"https:\/\/visitrijeka.hr\/de\/#website","url":"https:\/\/visitrijeka.hr\/de\/","name":"Visit Rijeka","description":"Grad koji te\u010de....","publisher":{"@id":"https:\/\/visitrijeka.hr\/de\/#organization"},"potentialAction":[{"@type":"SearchAction","target":{"@type":"EntryPoint","urlTemplate":"https:\/\/visitrijeka.hr\/de\/?s={search_term_string}"},"query-input":{"@type":"PropertyValueSpecification","valueRequired":true,"valueName":"search_term_string"}}],"inLanguage":"de"},{"@type":"Organization","@id":"https:\/\/visitrijeka.hr\/de\/#organization","name":"Visit Rijeka","url":"https:\/\/visitrijeka.hr\/de\/","logo":{"@type":"ImageObject","inLanguage":"de","@id":"https:\/\/visitrijeka.hr\/de\/#\/schema\/logo\/image\/","url":"https:\/\/visitrijeka.hr\/wp-content\/uploads\/2023\/02\/Logo_Visit_rijeka_460.svg","contentUrl":"https:\/\/visitrijeka.hr\/wp-content\/uploads\/2023\/02\/Logo_Visit_rijeka_460.svg","width":100,"height":100,"caption":"Visit Rijeka"},"image":{"@id":"https:\/\/visitrijeka.hr\/de\/#\/schema\/logo\/image\/"},"sameAs":["https:\/\/www.facebook.com\/VisitRijeka"]}]}},"_links":{"self":[{"href":"https:\/\/visitrijeka.hr\/de\/wp-json\/wp\/v2\/tribe_events\/46777","targetHints":{"allow":["GET"]}}],"collection":[{"href":"https:\/\/visitrijeka.hr\/de\/wp-json\/wp\/v2\/tribe_events"}],"about":[{"href":"https:\/\/visitrijeka.hr\/de\/wp-json\/wp\/v2\/types\/tribe_events"}],"author":[{"embeddable":true,"href":"https:\/\/visitrijeka.hr\/de\/wp-json\/wp\/v2\/users\/1"}],"version-history":[{"count":0,"href":"https:\/\/visitrijeka.hr\/de\/wp-json\/wp\/v2\/tribe_events\/46777\/revisions"}],"wp:featuredmedia":[{"embeddable":true,"href":"https:\/\/visitrijeka.hr\/de\/wp-json\/wp\/v2\/media\/46687"}],"wp:attachment":[{"href":"https:\/\/visitrijeka.hr\/de\/wp-json\/wp\/v2\/media?parent=46777"}],"wp:term":[{"taxonomy":"post_tag","embeddable":true,"href":"https:\/\/visitrijeka.hr\/de\/wp-json\/wp\/v2\/tags?post=46777"},{"taxonomy":"tribe_events_cat","embeddable":true,"href":"https:\/\/visitrijeka.hr\/de\/wp-json\/wp\/v2\/tribe_events_cat?post=46777"}],"curies":[{"name":"wp","href":"https:\/\/api.w.org\/{rel}","templated":true}]}}

<p>Der wichtigste Tag des Karnevals von Rijeka, bzw. der Tag des großen internationalen Karnevalsumzugs ist eine Sublimation all dessen, das sich während der fünften Jahreszeit zugetragen hat.</p>
<p>Was kann man sonst noch sagen, außer Sie zu der jubilaren, fünften Jahreszeit der Stadt einzuladen und Sie mit dem Faschingsgruß von Rijeka zu begrüßen, in dessen vier Worten die Wahrheit des Karnevals von Rijeka lebt – STERBEN, ABER NICHT AUFGEBEN!</p>

<!-- This site is optimized with the Yoast SEO plugin v26.3 - https://yoast.com/wordpress/plugins/seo/ -->
<title>Internationalen Karnevalsumzugs - Visit Rijeka</title>
<meta name="robots" content="index, follow, max-snippet:-1, max-image-preview:large, max-video-preview:-1" />
<link rel="canonical" href="https://visitrijeka.hr/de/event/medunarodna-karnevalska-povorka/" />
<meta property="og:locale" content="de_DE" />
<meta property="og:type" content="article" />
<meta property="og:title" content="Internationalen Karnevalsumzugs - Visit Rijeka" />
<meta property="og:description" content="Der wichtigste Tag des Karnevals von Rijeka, bzw. der Tag [...]" />
<meta property="og:url" content="https://visitrijeka.hr/de/event/medunarodna-karnevalska-povorka/" />
<meta property="og:site_name" content="Visit Rijeka" />
<meta property="article:publisher" content="https://www.facebook.com/VisitRijeka" />
<meta property="article:modified_time" content="2024-01-17T12:23:01+00:00" />
<meta property="og:image" content="https://visitrijeka.hr/wp-content/uploads/2024/01/Karneval-eng.jpg" />
	<meta property="og:image:width" content="1200" />
	<meta property="og:image:height" content="925" />
	<meta property="og:image:type" content="image/jpeg" />
<meta name="twitter:card" content="summary_large_image" />
<meta name="twitter:label1" content="Geschätzte Lesezeit" />
	<meta name="twitter:data1" content="1 Minute" />
<script type="application/ld+json" class="yoast-schema-graph">{"@context":"https://schema.org","@graph":[{"@type":"WebPage","@id":"https://visitrijeka.hr/de/event/medunarodna-karnevalska-povorka/","url":"https://visitrijeka.hr/de/event/medunarodna-karnevalska-povorka/","name":"Internationalen Karnevalsumzugs - Visit Rijeka","isPartOf":{"@id":"https://visitrijeka.hr/de/#website"},"primaryImageOfPage":{"@id":"https://visitrijeka.hr/de/event/medunarodna-karnevalska-povorka/#primaryimage"},"image":{"@id":"https://visitrijeka.hr/de/event/medunarodna-karnevalska-povorka/#primaryimage"},"thumbnailUrl":"https://visitrijeka.hr/wp-content/uploads/2024/01/Karneval-eng-e1743494705597.jpg","datePublished":"2023-12-28T11:53:50+00:00","dateModified":"2024-01-17T12:23:01+00:00","breadcrumb":{"@id":"https://visitrijeka.hr/de/event/medunarodna-karnevalska-povorka/#breadcrumb"},"inLanguage":"de","potentialAction":[{"@type":"ReadAction","target":["https://visitrijeka.hr/de/event/medunarodna-karnevalska-povorka/"]}]},{"@type":"ImageObject","inLanguage":"de","@id":"https://visitrijeka.hr/de/event/medunarodna-karnevalska-povorka/#primaryimage","url":"https://visitrijeka.hr/wp-content/uploads/2024/01/Karneval-eng-e1743494705597.jpg","contentUrl":"https://visitrijeka.hr/wp-content/uploads/2024/01/Karneval-eng-e1743494705597.jpg","width":1200,"height":925,"caption":"Karneval eng"},{"@type":"WebSite","@id":"https://visitrijeka.hr/de/#website","url":"https://visitrijeka.hr/de/","name":"Visit Rijeka","description":"Grad koji teče....","publisher":{"@id":"https://visitrijeka.hr/de/#organization"},"potentialAction":[{"@type":"SearchAction","target":{"@type":"EntryPoint","urlTemplate":"https://visitrijeka.hr/de/?s={search_term_string}"},"query-input":{"@type":"PropertyValueSpecification","valueRequired":true,"valueName":"search_term_string"}}],"inLanguage":"de"},{"@type":"Organization","@id":"https://visitrijeka.hr/de/#organization","name":"Visit Rijeka","url":"https://visitrijeka.hr/de/","logo":{"@type":"ImageObject","inLanguage":"de","@id":"https://visitrijeka.hr/de/#/schema/logo/image/","url":"https://visitrijeka.hr/wp-content/uploads/2023/02/Logo_Visit_rijeka_460.svg","contentUrl":"https://visitrijeka.hr/wp-content/uploads/2023/02/Logo_Visit_rijeka_460.svg","width":100,"height":100,"caption":"Visit Rijeka"},"image":{"@id":"https://visitrijeka.hr/de/#/schema/logo/image/"},"sameAs":["https://www.facebook.com/VisitRijeka"]}]}</script>
<!-- / Yoast SEO plugin. -->

Grad koji teče....
